Last updated on 2022-06-29 15:49:50 CEST.
Flavor | Version | Tinstall | Tcheck | Ttotal | Status | Flags |
---|---|---|---|---|---|---|
r-devel-linux-x86_64-debian-clang | 0.99.0 | 30.01 | 250.05 | 280.06 | OK | |
r-devel-linux-x86_64-debian-gcc | 0.99.0 | 25.65 | 185.58 | 211.23 | OK | |
r-devel-linux-x86_64-fedora-clang | 0.99.0 | 353.48 | WARN | |||
r-devel-linux-x86_64-fedora-gcc | 0.99.0 | 336.90 | WARN | |||
r-devel-windows-x86_64 | 0.99.0 | 33.00 | 255.00 | 288.00 | OK | |
r-patched-linux-x86_64 | 0.99.0 | 27.32 | 243.14 | 270.46 | OK | |
r-release-linux-x86_64 | 0.99.0 | 24.09 | 234.16 | 258.25 | OK | |
r-release-macos-arm64 | 0.99.0 | 83.00 | OK | |||
r-release-macos-x86_64 | 0.99.0 | 140.00 | OK | |||
r-release-windows-x86_64 | 0.99.0 | 36.00 | 260.00 | 296.00 | OK | |
r-oldrel-macos-arm64 | 0.99.0 | 120.00 | OK | |||
r-oldrel-macos-x86_64 | 0.99.0 | 110.00 | OK | |||
r-oldrel-windows-ix86+x86_64 | 0.99.0 | 65.00 | 260.00 | 325.00 | OK |
Version: 0.99.0
Check: package dependencies
Result: WARN
Requires (indirectly) orphaned package: ‘gtools’
Flavors: r-devel-linux-x86_64-fedora-clang, r-devel-linux-x86_64-fedora-gcc