CRAN Package Check Results for Package CERFIT

Last updated on 2024-07-22 03:49:12 CEST.

Flavor Version Tinstall Tcheck Ttotal Status Flags
r-devel-linux-x86_64-debian-clang 0.1.0 37.13 80.30 117.43 NOTE
r-devel-linux-x86_64-debian-gcc 0.1.0 27.21 60.03 87.24 NOTE
r-devel-linux-x86_64-fedora-clang 0.1.0 171.30 NOTE
r-devel-linux-x86_64-fedora-gcc 0.1.0 164.19 NOTE
r-devel-windows-x86_64 0.1.0 36.00 91.00 127.00 NOTE
r-patched-linux-x86_64 0.1.0 41.03 77.82 118.85 NOTE
r-release-linux-x86_64 0.1.0 26.11 77.34 103.45 NOTE
r-release-macos-arm64 0.1.0 41.00 NOTE
r-release-macos-x86_64 0.1.0 69.00 NOTE
r-release-windows-x86_64 0.1.0 42.00 92.00 134.00 NOTE
r-oldrel-macos-arm64 0.1.0 48.00 NOTE
r-oldrel-macos-x86_64 0.1.0 79.00 NOTE
r-oldrel-windows-x86_64 0.1.0 51.00 109.00 160.00 NOTE

Check Details

Version: 0.1.0
Check: C++ specification
Result: NOTE Specified C++11: please drop specification unless essential Flavors: r-devel-linux-x86_64-debian-clang, r-devel-linux-x86_64-debian-gcc, r-devel-linux-x86_64-fedora-clang, r-devel-linux-x86_64-fedora-gcc, r-devel-windows-x86_64, r-patched-linux-x86_64, r-release-linux-x86_64, r-release-macos-arm64, r-release-macos-x86_64, r-release-windows-x86_64, r-oldrel-macos-arm64, r-oldrel-macos-x86_64, r-oldrel-windows-x86_64