CRAN Package Check Results for Package CDMConnector

Last updated on 2023-02-03 03:55:44 CET.

Flavor Version Tinstall Tcheck Ttotal Status Flags
r-devel-linux-x86_64-debian-clang 0.4.1 9.09 214.26 223.35 NOTE
r-devel-linux-x86_64-debian-gcc 0.4.1 0.52 1.53 2.05 ERROR
r-devel-linux-x86_64-fedora-clang 0.4.1 261.74 NOTE
r-devel-linux-x86_64-fedora-gcc 0.4.1 295.02 NOTE
r-devel-windows-x86_64 0.4.1 88.00 292.00 380.00 NOTE
r-patched-linux-x86_64 0.4.1 8.31 207.76 216.07 NOTE
r-release-linux-x86_64 0.4.1 9.33 179.75 189.08 NOTE
r-release-macos-arm64 0.4.1 67.00 NOTE
r-release-macos-x86_64 0.4.1 145.00 NOTE
r-release-windows-x86_64 0.4.1 78.00 229.00 307.00 NOTE
r-oldrel-macos-arm64 0.4.1 90.00 NOTE
r-oldrel-macos-x86_64 0.4.1 217.00 NOTE
r-oldrel-windows-ix86+x86_64 0.4.1 23.00 246.00 269.00 NOTE

Check Details

Version: 0.4.1
Check: package dependencies
Result: NOTE
    Package which this enhances but not available for checking: ‘CirceR’
Flavors: r-devel-linux-x86_64-debian-clang, r-devel-linux-x86_64-fedora-clang, r-devel-linux-x86_64-fedora-gcc, r-devel-windows-x86_64, r-patched-linux-x86_64, r-release-linux-x86_64, r-release-macos-arm64, r-release-macos-x86_64, r-release-windows-x86_64, r-oldrel-macos-arm64, r-oldrel-macos-x86_64, r-oldrel-windows-ix86+x86_64

Version: 0.4.1
Check: package dependencies
Result: ERROR
    Package required but not available: ‘arrow’
    
    Package which this enhances but not available for checking: ‘CirceR’
    
    See section ‘The DESCRIPTION file’ in the ‘Writing R Extensions’
    manual.
Flavor: r-devel-linux-x86_64-debian-gcc