CRAN Package Check Results for Package CATT

Last updated on 2022-09-25 15:56:38 CEST.

Flavor Version Tinstall Tcheck Ttotal Status Flags
r-devel-linux-x86_64-debian-clang 2.0 2.07 20.82 22.89 NOTE
r-devel-linux-x86_64-debian-gcc 2.0 1.65 16.69 18.34 NOTE
r-devel-linux-x86_64-fedora-clang 2.0 39.11 NOTE
r-devel-linux-x86_64-fedora-gcc 2.0 38.62 NOTE
r-devel-windows-x86_64 2.0 5.00 47.00 52.00 NOTE
r-patched-linux-x86_64 2.0 2.10 20.61 22.71 NOTE
r-release-linux-x86_64 2.0 2.04 20.25 22.29 NOTE
r-release-macos-arm64 2.0 16.00 NOTE
r-release-macos-x86_64 2.0 23.00 NOTE
r-release-windows-x86_64 2.0 6.00 45.00 51.00 NOTE
r-oldrel-macos-arm64 2.0 24.00 NOTE
r-oldrel-macos-x86_64 2.0 25.00 NOTE
r-oldrel-windows-ix86+x86_64 2.0 5.00 39.00 44.00 NOTE

Check Details

Version: 2.0
Check: LazyData
Result: NOTE
     'LazyData' is specified without a 'data' directory
Flavors: r-devel-linux-x86_64-debian-clang, r-devel-linux-x86_64-debian-gcc, r-devel-linux-x86_64-fedora-clang, r-devel-linux-x86_64-fedora-gcc, r-devel-windows-x86_64, r-patched-linux-x86_64, r-release-linux-x86_64, r-release-macos-arm64, r-release-macos-x86_64, r-release-windows-x86_64, r-oldrel-macos-arm64, r-oldrel-macos-x86_64, r-oldrel-windows-ix86+x86_64