Last updated on 2023-02-06 15:57:09 CET.
Flavor | Version | Tinstall | Tcheck | Ttotal | Status | Flags |
---|---|---|---|---|---|---|
r-devel-linux-x86_64-debian-clang | 0.1.2 | 316.65 | 128.85 | 445.50 | NOTE | |
r-devel-linux-x86_64-debian-gcc | 0.1.2 | 251.20 | 96.19 | 347.39 | NOTE | |
r-devel-linux-x86_64-fedora-clang | 0.1.2 | 667.87 | NOTE | |||
r-devel-linux-x86_64-fedora-gcc | 0.1.2 | 676.46 | NOTE | |||
r-devel-windows-x86_64 | 0.1.2 | 241.00 | 183.00 | 424.00 | NOTE | |
r-patched-linux-x86_64 | 0.1.2 | 188.13 | 123.35 | 311.48 | OK | |
r-release-linux-x86_64 | 0.1.2 | 205.37 | 121.66 | 327.03 | OK | |
r-release-macos-arm64 | 0.1.2 | 130.00 | NOTE | |||
r-release-macos-x86_64 | 0.1.2 | 215.00 | NOTE | |||
r-release-windows-x86_64 | 0.1.2 | 236.00 | 183.00 | 419.00 | OK | |
r-oldrel-macos-arm64 | 0.1.2 | 147.00 | NOTE | |||
r-oldrel-macos-x86_64 | 0.1.2 | 177.00 | NOTE | |||
r-oldrel-windows-ix86+x86_64 | 0.1.2 | 754.00 | 214.00 | 968.00 | OK |
Version: 0.1.2
Check: C++ specification
Result: NOTE
Specified C++11: please update to current default of C++17
Flavors: r-devel-linux-x86_64-debian-clang, r-devel-linux-x86_64-debian-gcc, r-devel-linux-x86_64-fedora-clang, r-devel-linux-x86_64-fedora-gcc, r-devel-windows-x86_64
Version: 0.1.2
Check: installed package size
Result: NOTE
installed size is 10.9Mb
sub-directories of 1Mb or more:
libs 10.6Mb
Flavors: r-release-macos-arm64, r-release-macos-x86_64, r-oldrel-macos-arm64, r-oldrel-macos-x86_64