CRAN Package Check Results for Package CARBayesST

Last updated on 2022-06-26 15:52:54 CEST.

Flavor Version Tinstall Tcheck Ttotal Status Flags
r-devel-linux-x86_64-debian-clang 3.3 118.78 504.62 623.40 OK
r-devel-linux-x86_64-debian-gcc 3.3 100.30 365.43 465.73 OK
r-devel-linux-x86_64-fedora-clang 3.3 819.99 WARN
r-devel-linux-x86_64-fedora-gcc 3.3 749.57 WARN
r-devel-windows-x86_64 3.3 116.00 516.00 632.00 OK
r-patched-linux-x86_64 3.3 83.86 479.94 563.80 OK
r-release-linux-x86_64 3.3 106.13 469.95 576.08 OK
r-release-macos-arm64 3.3 190.00 NOTE
r-release-macos-x86_64 3.3 252.00 NOTE
r-release-windows-x86_64 3.3 141.00 513.00 654.00 OK
r-oldrel-macos-arm64 3.3 185.00 NOTE
r-oldrel-macos-x86_64 3.3 243.00 NOTE
r-oldrel-windows-ix86+x86_64 3.3 223.00 643.00 866.00 OK

Check Details

Version: 3.3
Check: package dependencies
Result: WARN
    Requires orphaned package: ‘gtools’
Flavors: r-devel-linux-x86_64-fedora-clang, r-devel-linux-x86_64-fedora-gcc

Version: 3.3
Check: installed package size
Result: NOTE
     installed size is 6.9Mb
     sub-directories of 1Mb or more:
     libs 4.9Mb
Flavors: r-devel-linux-x86_64-fedora-clang, r-release-macos-arm64, r-release-macos-x86_64, r-oldrel-macos-arm64, r-oldrel-macos-x86_64