CRAN Package Check Results for Package BranchGLM

Last updated on 2022-09-24 15:55:15 CEST.

Flavor Version Tinstall Tcheck Ttotal Status Flags
r-devel-linux-x86_64-debian-clang 1.3.1 135.21 51.20 186.41 OK
r-devel-linux-x86_64-debian-gcc 1.3.1 103.87 38.61 142.48 OK
r-devel-linux-x86_64-fedora-clang 1.3.1 267.69 OK
r-devel-linux-x86_64-fedora-gcc 1.3.1 255.90 OK
r-devel-windows-x86_64 1.3.1 147.00 109.00 256.00 OK
r-patched-linux-x86_64 1.3.1 123.40 48.10 171.50 OK
r-release-linux-x86_64 1.3.1 112.61 50.01 162.62 OK
r-release-macos-arm64 1.3.1 70.00 NOTE
r-release-macos-x86_64 1.3.1 101.00 NOTE
r-release-windows-x86_64 1.3.1 103.00 109.00 212.00 OK
r-oldrel-macos-arm64 1.3.1 68.00 NOTE
r-oldrel-macos-x86_64 1.3.1 112.00 NOTE
r-oldrel-windows-ix86+x86_64 1.3.1 317.00 121.00 438.00 OK

Check Details

Version: 1.3.1
Check: installed package size
Result: NOTE
     installed size is 6.8Mb
     sub-directories of 1Mb or more:
     libs 6.5Mb
Flavors: r-release-macos-arm64, r-release-macos-x86_64, r-oldrel-macos-arm64, r-oldrel-macos-x86_64