CRAN Package Check Results for Package BoutrosLab.plotting.general

Last updated on 2020-09-24 03:52:51 CEST.

Flavor Version Tinstall Tcheck Ttotal Status Flags
r-devel-linux-x86_64-debian-clang 6.0.1 20.03 237.77 257.80 OK
r-devel-linux-x86_64-debian-gcc 6.0.1 17.23 179.46 196.69 OK
r-devel-linux-x86_64-fedora-clang 6.0.1 312.59 OK
r-devel-linux-x86_64-fedora-gcc 6.0.1 350.91 OK
r-devel-windows-ix86+x86_64 6.0.1 1.00 9.00 10.00 ERROR
r-patched-linux-x86_64 6.0.1 20.35 228.30 248.65 OK
r-patched-solaris-x86 6.0.1 343.70 OK
r-release-linux-x86_64 6.0.1 18.35 226.66 245.01 OK
r-release-macos-x86_64 6.0.1 OK
r-release-windows-ix86+x86_64 6.0.1 29.00 475.00 504.00 OK
r-oldrel-macos-x86_64 6.0.1 OK
r-oldrel-windows-ix86+x86_64 6.0.1 25.00 438.00 463.00 OK

Check Details

Version: 6.0.1
Check: whether package can be installed
Result: ERROR
    Installation failed.
Flavor: r-devel-windows-ix86+x86_64