CRAN Package Check Results for Package BoltzMM

Last updated on 2022-09-24 15:55:15 CEST.

Flavor Version Tinstall Tcheck Ttotal Status Flags
r-devel-linux-x86_64-debian-clang 0.1.4 43.53 33.35 76.88 NOTE
r-devel-linux-x86_64-debian-gcc 0.1.4 29.14 25.67 54.81 NOTE
r-devel-linux-x86_64-fedora-clang 0.1.4 107.95 NOTE
r-devel-linux-x86_64-fedora-gcc 0.1.4 106.15 NOTE
r-devel-windows-x86_64 0.1.4 80.00 82.00 162.00 NOTE
r-patched-linux-x86_64 0.1.4 28.28 31.98 60.26 OK
r-release-linux-x86_64 0.1.4 32.50 31.34 63.84 OK
r-release-macos-arm64 0.1.4 29.00 OK
r-release-macos-x86_64 0.1.4 42.00 OK
r-release-windows-x86_64 0.1.4 35.00 84.00 119.00 OK
r-oldrel-macos-arm64 0.1.4 34.00 OK
r-oldrel-macos-x86_64 0.1.4 53.00 OK
r-oldrel-windows-ix86+x86_64 0.1.4 95.00 87.00 182.00 OK

Check Details

Version: 0.1.4
Check: package subdirectories
Result: NOTE
    Problems with news in 'NEWS.md':
    No news entries found.
Flavors: r-devel-linux-x86_64-debian-clang, r-devel-linux-x86_64-debian-gcc, r-devel-linux-x86_64-fedora-clang, r-devel-linux-x86_64-fedora-gcc, r-devel-windows-x86_64