Last updated on 2023-01-28 03:55:46 CET.
Flavor | Version | Tinstall | Tcheck | Ttotal | Status | Flags |
---|---|---|---|---|---|---|
r-devel-linux-x86_64-debian-clang | 0.1.1 | 10.56 | 99.77 | 110.33 | NOTE | |
r-devel-linux-x86_64-debian-gcc | 0.1.1 | 7.38 | 74.19 | 81.57 | NOTE | |
r-devel-linux-x86_64-fedora-clang | 0.1.1 | 153.19 | NOTE | |||
r-devel-linux-x86_64-fedora-gcc | 0.1.1 | 164.18 | NOTE | |||
r-devel-windows-x86_64 | 0.1.1 | 25.00 | 122.00 | 147.00 | NOTE | |
r-patched-linux-x86_64 | 0.1.1 | 10.70 | 95.79 | 106.49 | NOTE | |
r-release-linux-x86_64 | 0.1.1 | 11.69 | 108.95 | 120.64 | NOTE | |
r-release-macos-arm64 | 0.1.1 | 42.00 | NOTE | |||
r-release-macos-x86_64 | 0.1.1 | 86.00 | NOTE | |||
r-release-windows-x86_64 | 0.1.1 | 20.00 | 148.00 | 168.00 | NOTE | |
r-oldrel-macos-arm64 | 0.1.1 | 51.00 | NOTE | |||
r-oldrel-macos-x86_64 | 0.1.1 | 84.00 | NOTE | |||
r-oldrel-windows-ix86+x86_64 | 0.1.1 | 25.00 | 119.00 | 144.00 | NOTE |
Version: 0.1.1
Check: LazyData
Result: NOTE
'LazyData' is specified without a 'data' directory
Flavors: r-devel-linux-x86_64-debian-clang, r-devel-linux-x86_64-debian-gcc, r-devel-linux-x86_64-fedora-clang, r-devel-linux-x86_64-fedora-gcc, r-devel-windows-x86_64, r-patched-linux-x86_64, r-release-linux-x86_64, r-release-macos-arm64, r-release-macos-x86_64, r-release-windows-x86_64, r-oldrel-macos-arm64, r-oldrel-macos-x86_64, r-oldrel-windows-ix86+x86_64