CRAN Package Check Results for Package Blaunet

Last updated on 2020-11-24 15:52:03 CET.

Flavor Version Tinstall Tcheck Ttotal Status Flags
r-devel-linux-x86_64-debian-clang 2.1.0 6.92 49.38 56.30 NOTE
r-devel-linux-x86_64-debian-gcc 2.1.0 4.35 37.11 41.46 NOTE
r-devel-linux-x86_64-fedora-clang 2.1.0 73.41 NOTE
r-devel-linux-x86_64-fedora-gcc 2.1.0 61.74 NOTE
r-devel-windows-ix86+x86_64 2.1.0 10.00 68.00 78.00 OK
r-patched-linux-x86_64 2.1.0 5.35 46.93 52.28 NOTE
r-patched-solaris-x86 2.1.0 89.00 NOTE
r-release-linux-x86_64 2.1.0 5.28 45.90 51.18 NOTE
r-release-macos-x86_64 2.1.0 NOTE
r-release-windows-ix86+x86_64 2.1.0 11.00 50.00 61.00 OK
r-oldrel-macos-x86_64 2.1.0 NOTE
r-oldrel-windows-ix86+x86_64 2.1.0 6.00 49.00 55.00 OK

Check Details

Version: 2.1.0
Check: package dependencies
Result: NOTE
    Packages suggested but not available for checking:
     'gWidgets', 'gWidgetsRGtk2'
Flavors: r-devel-linux-x86_64-debian-clang, r-devel-linux-x86_64-debian-gcc, r-devel-linux-x86_64-fedora-clang, r-devel-linux-x86_64-fedora-gcc, r-patched-linux-x86_64, r-patched-solaris-x86, r-release-linux-x86_64, r-release-macos-x86_64

Version: 2.1.0
Check: dependencies in R code
Result: NOTE
    Namespaces in Imports field not imported from:
     ‘RGtk2’ ‘cairoDevice’ ‘ergm’ ‘foreign’ ‘haven’ ‘plot3D’ ‘plot3Drgl’
     ‘rgl’ ‘sna’ ‘statnet.common’
     All declared Imports should be used.
Flavors: r-devel-linux-x86_64-fedora-clang, r-devel-linux-x86_64-fedora-gcc, r-patched-solaris-x86, r-release-macos-x86_64, r-oldrel-macos-x86_64