Last updated on 2022-07-06 03:52:10 CEST.
Flavor | Version | Tinstall | Tcheck | Ttotal | Status | Flags |
---|---|---|---|---|---|---|
r-devel-linux-x86_64-debian-clang | 0.1-3 | 42.42 | 350.57 | 392.99 | OK | |
r-devel-linux-x86_64-debian-gcc | 0.1-3 | 31.66 | 256.04 | 287.70 | OK | |
r-devel-linux-x86_64-fedora-clang | 0.1-3 | 469.14 | NOTE | |||
r-devel-linux-x86_64-fedora-gcc | 0.1-3 | 466.75 | NOTE | |||
r-devel-windows-x86_64 | 0.1-3 | 46.00 | 331.00 | 377.00 | OK | |
r-patched-linux-x86_64 | 0.1-3 | 34.61 | 335.26 | 369.87 | OK | |
r-release-linux-x86_64 | 0.1-3 | 30.82 | 334.93 | 365.75 | OK | |
r-release-macos-arm64 | 0.1-3 | 104.00 | NOTE | |||
r-release-macos-x86_64 | 0.1-3 | 180.00 | NOTE | |||
r-release-windows-x86_64 | 0.1-3 | 48.00 | 347.00 | 395.00 | OK | |
r-oldrel-macos-arm64 | 0.1-3 | 76.00 | NOTE | |||
r-oldrel-macos-x86_64 | 0.1-3 | 110.00 | NOTE | |||
r-oldrel-windows-ix86+x86_64 | 0.1-3 | 85.00 | 354.00 | 439.00 | OK |
Version: 0.1-3
Check: dependencies in R code
Result: NOTE
Namespace in Imports field not imported from: ‘spatstat’
All declared Imports should be used.
Flavors: r-devel-linux-x86_64-fedora-clang, r-devel-linux-x86_64-fedora-gcc, r-release-macos-arm64, r-release-macos-x86_64, r-oldrel-macos-arm64, r-oldrel-macos-x86_64