CRAN Package Check Results for Package BiocManager

Last updated on 2020-10-28 15:49:07 CET.

Flavor Version Tinstall Tcheck Ttotal Status Flags
r-devel-linux-x86_64-debian-clang 1.30.10 2.85 38.43 41.28 OK
r-devel-linux-x86_64-debian-gcc 1.30.10 2.29 29.45 31.74 OK
r-devel-linux-x86_64-fedora-clang 1.30.10 64.89 NOTE
r-devel-linux-x86_64-fedora-gcc 1.30.10 127.07 NOTE
r-devel-windows-ix86+x86_64 1.30.10 9.00 69.00 78.00 OK
r-patched-linux-x86_64 1.30.10 OK
r-patched-solaris-x86 1.30.10 63.80 OK
r-release-linux-x86_64 1.30.10 2.71 39.50 42.21 OK
r-release-macos-x86_64 1.30.10 OK
r-release-windows-ix86+x86_64 1.30.10 6.00 49.00 55.00 WARN
r-oldrel-macos-x86_64 1.30.10 NOTE
r-oldrel-windows-ix86+x86_64 1.30.10 28.00 60.00 88.00 WARN

Check Details

Version: 1.30.10
Check: package dependencies
Result: NOTE
    Package suggested but not available for checking: ‘BiocVersion’
Flavors: r-devel-linux-x86_64-fedora-clang, r-devel-linux-x86_64-fedora-gcc

Version: 1.30.10
Check: re-building of vignette outputs
Result: WARN
    Error(s) in re-building vignettes:
    --- re-building 'BiocManager.Rmd' using rmarkdown
    Quitting from lines 18-19 (BiocManager.Rmd)
    Error: processing vignette 'BiocManager.Rmd' failed with diagnostics:
    argument is of length zero
    --- failed re-building 'BiocManager.Rmd'
    
    SUMMARY: processing the following file failed:
     'BiocManager.Rmd'
    
    Error: Vignette re-building failed.
    Execution halted
Flavors: r-release-windows-ix86+x86_64, r-oldrel-windows-ix86+x86_64

Version: 1.30.10
Check: package dependencies
Result: NOTE
    Packages suggested but not available for checking:
     'BiocStyle', 'BiocVersion'
Flavor: r-oldrel-macos-x86_64