CRAN Package Check Results for Package BioInstaller

Last updated on 2020-11-30 03:47:35 CET.

Flavor Version Tinstall Tcheck Ttotal Status Flags
r-devel-linux-x86_64-debian-clang 0.3.7 18.18 136.76 154.94 NOTE
r-devel-linux-x86_64-debian-gcc 0.3.7 12.52 105.02 117.54 NOTE
r-devel-linux-x86_64-fedora-clang 0.3.7 185.51 NOTE
r-devel-linux-x86_64-fedora-gcc 0.3.7 179.57 NOTE
r-devel-windows-ix86+x86_64 0.3.7 31.00 186.00 217.00 NOTE
r-patched-linux-x86_64 0.3.7 13.22 132.60 145.82 NOTE
r-patched-solaris-x86 0.3.7 231.30 ERROR
r-release-linux-x86_64 0.3.7 14.77 133.05 147.82 NOTE
r-release-macos-x86_64 0.3.7 NOTE
r-release-windows-ix86+x86_64 0.3.7 28.00 141.00 169.00 NOTE
r-oldrel-macos-x86_64 0.3.7 NOTE
r-oldrel-windows-ix86+x86_64 0.3.7 23.00 155.00 178.00 NOTE

Check Details

Version: 0.3.7
Check: for non-standard things in the check directory
Result: NOTE
    Found the following files/directories:
     'GRCh37_MT_ensGene.txt'
Flavors: r-devel-linux-x86_64-debian-clang, r-devel-linux-x86_64-debian-gcc, r-devel-linux-x86_64-fedora-clang, r-devel-linux-x86_64-fedora-gcc, r-patched-linux-x86_64, r-patched-solaris-x86, r-release-linux-x86_64

Version: 0.3.7
Check: installed package size
Result: NOTE
     installed size is 11.7Mb
     sub-directories of 1Mb or more:
     doc 2.5Mb
     extdata 8.7Mb
Flavors: r-devel-linux-x86_64-fedora-clang, r-devel-windows-ix86+x86_64, r-patched-solaris-x86, r-release-macos-x86_64, r-release-windows-ix86+x86_64, r-oldrel-macos-x86_64, r-oldrel-windows-ix86+x86_64

Version: 0.3.7
Check: tests
Result: ERROR
     Running ‘testthat.R’ [14s/116s]
    Running the tests in ‘tests/testthat.R’ failed.
    Complete output:
     > library(testthat)
     > library(BioInstaller)
     >
     >
     > test_check("BioInstaller")
     cloning into '/tmp/RtmpZiaip4/working_dir/Rtmp..ay1u/github_demo0'...
     ── ERROR (test_install.R:12:5): install.github ─────────────────────────────────
     Error: Error in 'git2r_clone': the SSL certificate is invalid
    
     Backtrace:
     █
     1. └─BioInstaller::install.github(...) test_install.R:12:4
     2. └─BioInstaller:::git.download(...)
     3. └─git2r::clone(github_url, destdir)
    
     trying URL 'https://raw.githubusercontent.com/Miachol/ftp/master/files/GRCh37_MT_ensGene.txt'
     Content type 'text/plain; charset=utf-8' length 3131 bytes
     ==================================================
     downloaded 3131 bytes
    
     trying URL 'https://raw.githubusercontent.com/Miachol/ftp/master/files/GRCh37_MT_ensGene.txt'
     Content type 'text/plain; charset=utf-8' length 3131 bytes
     ==================================================
     downloaded 3131 bytes
    
     trying URL 'https://raw.githubusercontent.com/Miachol/ftp/master/files/GRCh37_MT_ensGene.txt'
     Content type 'text/plain; charset=utf-8' length 3131 bytes
     ==================================================
     downloaded 3131 bytes
    
     cloning into '/tmp/RtmpZiaip4/working_dir/Rtmp..ay1u/github_demo3'...
     cloning into '/tmp/RtmpZiaip4/working_dir/Rtmp..ay1u/github_demo'...
     cloning into '/tmp/RtmpZiaip4/working_dir/Rtmp..ay1u/denpendence1'...
     /tmp/RtmpZiaip4/working_dir/Rtmp..ay1u/destdir.initial not empty, overwrite?[y]
     Please input y/n/Y/N!
     /tmp/RtmpZiaip4/working_dir/Rtmp..ay1u/destdir.initial not empty, overwrite?[y]
     Please input y/n/Y/N!
     /tmp/RtmpZiaip4/working_dir/Rtmp..ay1u/destdir.initial not empty, overwrite?[y]
     More than 3 counts input, default is not to overwrite.
     /tmp/RtmpZiaip4/working_dir/Rtmp..ay1u/destdir.initial existed, overwrite?[y]
     Please input y/n/Y/N!
     /tmp/RtmpZiaip4/working_dir/Rtmp..ay1u/destdir.initial existed, overwrite?[y]
     Please input y/n/Y/N!
     /tmp/RtmpZiaip4/working_dir/Rtmp..ay1u/destdir.initial existed, overwrite?[y]
     More than 3 counts input, default is not to overwrite.
     ══ testthat results ═══════════════════════════════════════════════════════════
     ERROR (test_install.R:12:5): install.github
    
     [ FAIL 1 | WARN 0 | SKIP 0 | PASS 62 ]
     Error: Test failures
     Execution halted
Flavor: r-patched-solaris-x86