CRAN Package Check Results for Package BinNor

Last updated on 2024-07-24 15:51:32 CEST.

Flavor Version Tinstall Tcheck Ttotal Status Flags
r-devel-linux-x86_64-debian-clang 2.3.3 7.97 67.11 75.08 OK
r-devel-linux-x86_64-debian-gcc 2.3.3 6.03 50.72 56.75 NOTE
r-devel-linux-x86_64-fedora-clang 2.3.3 92.38 OK
r-devel-linux-x86_64-fedora-gcc 2.3.3 87.99 OK
r-devel-windows-x86_64 2.3.3 7.00 66.00 73.00 NOTE
r-patched-linux-x86_64 2.3.3 10.54 63.84 74.38 OK
r-release-linux-x86_64 2.3.3 7.72 63.16 70.88 OK
r-release-macos-arm64 2.3.3 29.00 OK
r-release-macos-x86_64 2.3.3 44.00 OK
r-release-windows-x86_64 2.3.3 7.00 66.00 73.00 OK
r-oldrel-macos-arm64 2.3.3 32.00 OK
r-oldrel-macos-x86_64 2.3.3 53.00 OK
r-oldrel-windows-x86_64 2.3.3 10.00 77.00 87.00 OK

Check Details

Version: 2.3.3
Check: Rd cross-references
Result: NOTE Found the following Rd file(s) with Rd \link{} targets missing package anchors: compute.sigma.star.Rd: nearPD, phi2tetra, is.positive.definite jointly.generate.binary.normal.Rd: nearPD, rmvnorm Please provide package anchors for all Rd \link{} targets not in the package itself and the base packages. Flavors: r-devel-linux-x86_64-debian-gcc, r-devel-windows-x86_64