CRAN Package Check Results for Package BinGSD

Last updated on 2022-01-22 03:56:38 CET.

Flavor Version Tinstall Tcheck Ttotal Status Flags
r-devel-linux-x86_64-debian-clang 0.0.1 3.38 33.96 37.34 NOTE
r-devel-linux-x86_64-debian-gcc 0.0.1 2.47 26.25 28.72 NOTE
r-devel-linux-x86_64-fedora-clang 0.0.1 46.12 NOTE
r-devel-linux-x86_64-fedora-gcc 0.0.1 34.55 NOTE
r-devel-windows-x86_64-new-UL 0.0.1 18.00 50.00 68.00 NOTE
r-devel-windows-x86_64-new-TK 0.0.1 NOTE
r-patched-linux-x86_64 0.0.1 3.59 32.50 36.09 NOTE
r-release-linux-x86_64 0.0.1 3.23 32.43 35.66 NOTE
r-release-macos-arm64 0.0.1 NOTE
r-release-macos-x86_64 0.0.1 NOTE
r-release-windows-ix86+x86_64 0.0.1 6.00 39.00 45.00 NOTE
r-oldrel-macos-x86_64 0.0.1 OK
r-oldrel-windows-ix86+x86_64 0.0.1 6.00 43.00 49.00 OK

Check Details

Version: 0.0.1
Check: LazyData
Result: NOTE
     'LazyData' is specified without a 'data' directory
Flavors: r-devel-linux-x86_64-debian-clang, r-devel-linux-x86_64-debian-gcc, r-devel-linux-x86_64-fedora-clang, r-devel-linux-x86_64-fedora-gcc, r-devel-windows-x86_64-new-UL, r-devel-windows-x86_64-new-TK, r-patched-linux-x86_64, r-release-linux-x86_64, r-release-macos-arm64, r-release-macos-x86_64, r-release-windows-ix86+x86_64