CRAN Package Check Results for Package BigQuic

Last updated on 2020-11-24 15:52:03 CET.

Flavor Version Tinstall Tcheck Ttotal Status Flags
r-devel-linux-x86_64-debian-clang 1.1-9 69.40 67.37 136.77 NOTE
r-devel-linux-x86_64-debian-gcc 1.1-9 62.97 54.34 117.31 NOTE
r-devel-linux-x86_64-fedora-clang 1.1-9 167.18 NOTE
r-devel-linux-x86_64-fedora-gcc 1.1-9 147.79 NOTE
r-devel-windows-ix86+x86_64 1.1-9 155.00 122.00 277.00 OK
r-patched-linux-x86_64 1.1-9 79.55 64.12 143.67 NOTE
r-patched-solaris-x86 1.1-9 171.20 NOTE
r-release-linux-x86_64 1.1-9 81.78 63.07 144.85 NOTE
r-release-macos-x86_64 1.1-9 OK
r-release-windows-ix86+x86_64 1.1-9 129.00 106.00 235.00 OK
r-oldrel-macos-x86_64 1.1-9 OK
r-oldrel-windows-ix86+x86_64 1.1-9 119.00 114.00 233.00 OK

Check Details

Version: 1.1-9
Check: Rd cross-references
Result: NOTE
    Unknown package 'QUIC' in Rd xrefs
Flavors: r-devel-linux-x86_64-debian-clang, r-devel-linux-x86_64-debian-gcc, r-devel-linux-x86_64-fedora-gcc, r-patched-linux-x86_64, r-patched-solaris-x86, r-release-linux-x86_64

Version: 1.1-9
Check: Rd cross-references
Result: NOTE
    Undeclared package ‘QUIC’ in Rd xrefs
    Unknown package ‘QUIC’ in Rd xrefs
Flavor: r-devel-linux-x86_64-fedora-clang