CRAN Package Check Results for Package Bergm

Last updated on 2021-09-19 03:50:50 CEST.

Flavor Version Tinstall Tcheck Ttotal Status Flags
r-devel-linux-x86_64-debian-clang 5.0.3 12.00 98.77 110.77 OK
r-devel-linux-x86_64-debian-gcc 5.0.3 8.46 74.55 83.01 OK
r-devel-linux-x86_64-fedora-clang 5.0.3 146.53 OK
r-devel-linux-x86_64-fedora-gcc 5.0.3 126.21 OK
r-devel-windows-x86_64 5.0.3 15.00 86.00 101.00 OK
r-devel-windows-x86_64-gcc10-UCRT 5.0.3 ERROR
r-patched-linux-x86_64 5.0.3 12.34 92.49 104.83 OK
r-patched-solaris-x86 5.0.3 184.40 OK
r-release-linux-x86_64 5.0.3 10.73 91.41 102.14 OK
r-release-macos-arm64 5.0.3 OK
r-release-macos-x86_64 5.0.3 OK
r-release-windows-ix86+x86_64 5.0.3 27.00 117.00 144.00 OK
r-oldrel-macos-x86_64 5.0.3 OK
r-oldrel-windows-ix86+x86_64 5.0.3 27.00 88.00 115.00 OK

Check Details

Version: 5.0.3
Check: whether package can be installed
Result: WARN
    Found the following significant warnings:
     WARNING: installation-time patches will not be applied, could not get the patches index
Flavor: r-devel-windows-x86_64-gcc10-UCRT

Version: 5.0.3
Check: PDF version of manual
Result: WARN
    LaTeX errors when creating PDF version.
    This typically indicates Rd problems.
Flavor: r-devel-windows-x86_64-gcc10-UCRT

Version: 5.0.3
Check: PDF version of manual without hyperrefs or index
Result: ERROR
    Re-running with no redirection of stdout/stderr.
Flavor: r-devel-windows-x86_64-gcc10-UCRT