CRAN Package Check Results for Package BenfordTests

Last updated on 2024-07-20 15:48:39 CEST.

Flavor Version Tinstall Tcheck Ttotal Status Flags
r-devel-linux-x86_64-debian-clang 1.2.0 3.83 29.34 33.17 OK
r-devel-linux-x86_64-debian-gcc 1.2.0 2.08 21.79 23.87 OK
r-devel-linux-x86_64-fedora-clang 1.2.0 43.39 NOTE
r-devel-linux-x86_64-fedora-gcc 1.2.0 38.56 NOTE
r-devel-windows-x86_64 1.2.0 5.00 48.00 53.00 OK
r-patched-linux-x86_64 1.2.0 4.17 27.59 31.76 OK
r-release-linux-x86_64 1.2.0 3.77 27.47 31.24 OK
r-release-macos-arm64 1.2.0 18.00 OK
r-release-macos-x86_64 1.2.0 36.00 OK
r-release-windows-x86_64 1.2.0 6.00 46.00 52.00 OK
r-oldrel-macos-arm64 1.2.0 18.00 OK
r-oldrel-macos-x86_64 1.2.0 25.00 OK
r-oldrel-windows-x86_64 1.2.0 6.00 49.00 55.00 OK

Check Details

Version: 1.2.0
Check: compiled code
Result: NOTE File ‘BenfordTests/libs/BenfordTests.so’: Found no calls to: ‘R_registerRoutines’, ‘R_useDynamicSymbols’ It is good practice to register native routines and to disable symbol search. See ‘Writing portable packages’ in the ‘Writing R Extensions’ manual. Flavors: r-devel-linux-x86_64-fedora-clang, r-devel-linux-x86_64-fedora-gcc