CRAN Package Check Results for Package BeeGUTS

Last updated on 2024-07-13 15:48:55 CEST.

Flavor Version Tinstall Tcheck Ttotal Status Flags
r-devel-linux-x86_64-debian-clang 1.1.3 328.53 392.15 720.68 OK
r-devel-linux-x86_64-debian-gcc 1.1.3 288.92 394.76 683.68 OK
r-devel-linux-x86_64-fedora-clang 1.1.3 897.62 NOTE
r-devel-linux-x86_64-fedora-gcc 1.1.3 1262.76 NOTE
r-devel-windows-x86_64 1.1.3 251.00 415.00 666.00 NOTE
r-patched-linux-x86_64 1.1.3 228.37 596.86 825.23 OK
r-release-linux-x86_64 1.1.3 0.02 2.65 2.67 ERROR
r-release-macos-arm64 1.1.3 250.00 NOTE
r-release-macos-x86_64 1.1.3 345.00 NOTE
r-release-windows-x86_64 1.1.3 256.00 416.00 672.00 NOTE
r-oldrel-macos-arm64 1.1.3 328.00 NOTE
r-oldrel-macos-x86_64 1.1.3 694.00 NOTE
r-oldrel-windows-x86_64 1.1.3 336.00 509.00 845.00 NOTE

Check Details

Version: 1.1.3
Check: installed package size
Result: NOTE installed size is 5.8Mb sub-directories of 1Mb or more: data 1.7Mb libs 3.5Mb Flavors: r-devel-linux-x86_64-fedora-clang, r-devel-windows-x86_64, r-release-macos-arm64, r-release-macos-x86_64, r-release-windows-x86_64, r-oldrel-macos-arm64, r-oldrel-macos-x86_64, r-oldrel-windows-x86_64

Version: 1.1.3
Check: for GNU extensions in Makefiles
Result: NOTE GNU make is a SystemRequirements. Flavors: r-devel-linux-x86_64-fedora-clang, r-devel-linux-x86_64-fedora-gcc, r-release-macos-arm64, r-release-macos-x86_64, r-oldrel-macos-arm64, r-oldrel-macos-x86_64

Version: 1.1.3
Check: whether package can be installed
Result: ERROR Installation failed. Flavor: r-release-linux-x86_64