CRAN Package Check Results for Package BeSS

Last updated on 2022-06-30 03:53:17 CEST.

Flavor Version Tinstall Tcheck Ttotal Status Flags
r-devel-linux-x86_64-debian-clang 2.0.3 95.55 96.82 192.37 OK
r-devel-linux-x86_64-debian-gcc 2.0.3 83.62 78.82 162.44 OK
r-devel-linux-x86_64-fedora-clang 2.0.3 275.92 NOTE
r-devel-linux-x86_64-fedora-gcc 2.0.3 267.49 OK
r-devel-windows-x86_64 2.0.3 73.00 148.00 221.00 OK
r-patched-linux-x86_64 2.0.3 92.46 98.70 191.16 OK
r-release-linux-x86_64 2.0.3 95.91 97.11 193.02 OK
r-release-macos-arm64 2.0.3 73.00 NOTE
r-release-macos-x86_64 2.0.3 90.00 NOTE
r-release-windows-x86_64 2.0.3 79.00 152.00 231.00 OK
r-oldrel-macos-arm64 2.0.3 86.00 NOTE
r-oldrel-macos-x86_64 2.0.3 124.00 NOTE
r-oldrel-windows-ix86+x86_64 2.0.3 219.00 179.00 398.00 OK

Check Details

Version: 2.0.3
Check: installed package size
Result: NOTE
     installed size is 25.5Mb
     sub-directories of 1Mb or more:
     libs 24.5Mb
Flavors: r-devel-linux-x86_64-fedora-clang, r-release-macos-arm64, r-release-macos-x86_64, r-oldrel-macos-arm64, r-oldrel-macos-x86_64