CRAN Package Check Results for Package BeSS

Last updated on 2020-09-22 03:49:15 CEST.

Flavor Version Tinstall Tcheck Ttotal Status Flags
r-devel-linux-x86_64-debian-clang 1.0.9 102.99 85.75 188.74 OK
r-devel-linux-x86_64-debian-gcc 1.0.9 0.36 2.11 2.47 ERROR
r-devel-linux-x86_64-fedora-clang 1.0.9 254.36 NOTE
r-devel-linux-x86_64-fedora-gcc 1.0.9 298.20 OK
r-devel-windows-ix86+x86_64 1.0.9 207.00 175.00 382.00 OK
r-patched-linux-x86_64 1.0.9 93.72 88.00 181.72 OK
r-patched-solaris-x86 1.0.9 252.00 OK
r-release-linux-x86_64 1.0.9 90.01 89.42 179.43 OK
r-release-macos-x86_64 1.0.9 NOTE
r-release-windows-ix86+x86_64 1.0.9 205.00 131.00 336.00 OK
r-oldrel-macos-x86_64 1.0.9 NOTE
r-oldrel-windows-ix86+x86_64 1.0.9 134.00 157.00 291.00 OK

Check Details

Version: 1.0.9
Check: whether package can be installed
Result: ERROR
    Installation failed.
Flavor: r-devel-linux-x86_64-debian-gcc

Version: 1.0.9
Check: installed package size
Result: NOTE
     installed size is 28.1Mb
     sub-directories of 1Mb or more:
     libs 27.0Mb
Flavors: r-devel-linux-x86_64-fedora-clang, r-release-macos-x86_64, r-oldrel-macos-x86_64