CRAN Package Check Results for Package BcDiag

Last updated on 2024-02-23 15:52:07 CET.

Flavor Version Tinstall Tcheck Ttotal Status Flags
r-devel-linux-x86_64-debian-clang 1.0.10 NOTE
r-devel-linux-x86_64-debian-gcc 1.0.10 4.51 48.97 53.48 NOTE
r-devel-linux-x86_64-fedora-clang 1.0.10 83.21 NOTE
r-devel-linux-x86_64-fedora-gcc 1.0.10 80.36 NOTE
r-devel-windows-x86_64 1.0.10 6.00 71.00 77.00 OK
r-patched-linux-x86_64 1.0.10 5.54 62.78 68.32 NOTE
r-release-linux-x86_64 1.0.10 6.09 62.78 68.87 NOTE
r-release-macos-arm64 1.0.10 32.00 OK
r-release-macos-x86_64 1.0.10 32.00 OK
r-release-windows-x86_64 1.0.10 5.00 80.00 85.00 OK
r-oldrel-macos-arm64 1.0.10 32.00 OK
r-oldrel-windows-x86_64 1.0.10 8.00 86.00 94.00 OK

Check Details

Version: 1.0.10
Check: for non-standard things in the check directory
Result: NOTE Found the following files/directories: ‘fabiabreast.txt’ Flavors: r-devel-linux-x86_64-debian-clang, r-devel-linux-x86_64-debian-gcc, r-devel-linux-x86_64-fedora-clang, r-devel-linux-x86_64-fedora-gcc, r-patched-linux-x86_64, r-release-linux-x86_64