Last updated on 2023-03-26 15:52:27 CEST.
Flavor | Version | Tinstall | Tcheck | Ttotal | Status | Flags |
---|---|---|---|---|---|---|
r-devel-linux-x86_64-debian-clang | 1.0.10 | 5.20 | 62.86 | 68.06 | NOTE | |
r-devel-linux-x86_64-debian-gcc | 1.0.10 | 4.32 | 49.69 | 54.01 | NOTE | |
r-devel-linux-x86_64-fedora-gcc | 1.0.10 | 82.97 | NOTE | |||
r-devel-windows-x86_64 | 1.0.10 | 15.00 | 95.00 | 110.00 | OK | |
r-patched-linux-x86_64 | 1.0.10 | 5.76 | 60.83 | 66.59 | NOTE | |
r-release-linux-x86_64 | 1.0.10 | 3.76 | 62.57 | 66.33 | NOTE | |
r-release-macos-arm64 | 1.0.10 | 30.00 | OK | |||
r-release-macos-x86_64 | 1.0.10 | 48.00 | OK | |||
r-release-windows-x86_64 | 1.0.10 | 20.00 | 99.00 | 119.00 | OK | |
r-oldrel-macos-arm64 | 1.0.10 | 36.00 | OK | |||
r-oldrel-macos-x86_64 | 1.0.10 | 63.00 | OK | |||
r-oldrel-windows-ix86+x86_64 | 1.0.10 | 13.00 | 97.00 | 110.00 | OK |
Version: 1.0.10
Check: for non-standard things in the check directory
Result: NOTE
Found the following files/directories:
‘fabiabreast.txt’
Flavors: r-devel-linux-x86_64-debian-clang, r-devel-linux-x86_64-debian-gcc, r-devel-linux-x86_64-fedora-gcc, r-patched-linux-x86_64, r-release-linux-x86_64