Last updated on 2022-06-28 03:51:26 CEST.
Flavor | Version | Tinstall | Tcheck | Ttotal | Status | Flags |
---|---|---|---|---|---|---|
r-devel-linux-x86_64-debian-clang | 0.2.11 | 19.30 | 524.44 | 543.74 | OK | |
r-devel-linux-x86_64-debian-gcc | 0.2.11 | 13.27 | 367.74 | 381.01 | OK | |
r-devel-linux-x86_64-fedora-clang | 0.2.11 | 619.30 | NOTE | |||
r-devel-linux-x86_64-fedora-gcc | 0.2.11 | 639.60 | NOTE | |||
r-devel-windows-x86_64 | 0.2.11 | 999.00 | 605.00 | 1604.00 | OK | |
r-patched-linux-x86_64 | 0.2.11 | 16.25 | 477.30 | 493.55 | OK | |
r-release-linux-x86_64 | 0.2.11 | 17.63 | 489.53 | 507.16 | OK | |
r-release-macos-arm64 | 0.2.11 | 150.00 | NOTE | |||
r-release-macos-x86_64 | 0.2.11 | 210.00 | NOTE | |||
r-release-windows-x86_64 | 0.2.11 | 649.00 | 605.00 | 1254.00 | OK | |
r-oldrel-macos-arm64 | 0.2.11 | 138.00 | NOTE | |||
r-oldrel-macos-x86_64 | 0.2.11 | 206.00 | NOTE | |||
r-oldrel-windows-ix86+x86_64 | 0.2.11 | 30.00 | 586.00 | 616.00 | OK |
Version: 0.2.11
Check: dependencies in R code
Result: NOTE
Namespaces in Imports field not imported from:
‘Rdpack’ ‘rjags’
All declared Imports should be used.
Flavors: r-devel-linux-x86_64-fedora-clang, r-devel-linux-x86_64-fedora-gcc, r-release-macos-arm64, r-release-macos-x86_64, r-oldrel-macos-arm64, r-oldrel-macos-x86_64