Last updated on 2023-03-24 03:54:10 CET.
Flavor | Version | Tinstall | Tcheck | Ttotal | Status | Flags |
---|---|---|---|---|---|---|
r-devel-linux-x86_64-debian-clang | 1.1.0 | 9.09 | 88.58 | 97.67 | OK | |
r-devel-linux-x86_64-debian-gcc | 1.1.0 | 6.86 | 64.18 | 71.04 | OK | |
r-devel-linux-x86_64-fedora-clang | 1.1.0 | 126.04 | NOTE | |||
r-devel-linux-x86_64-fedora-gcc | 1.1.0 | 136.59 | NOTE | |||
r-devel-windows-x86_64 | 1.1.0 | 43.00 | 118.00 | 161.00 | OK | |
r-patched-linux-x86_64 | 1.1.0 | 8.64 | 84.20 | 92.84 | OK | |
r-release-linux-x86_64 | 1.1.0 | 9.17 | 82.20 | 91.37 | OK | |
r-release-macos-arm64 | 1.1.0 | 38.00 | NOTE | |||
r-release-macos-x86_64 | 1.1.0 | 61.00 | NOTE | |||
r-release-windows-x86_64 | 1.1.0 | 55.00 | 115.00 | 170.00 | OK | |
r-oldrel-macos-arm64 | 1.1.0 | 44.00 | NOTE | |||
r-oldrel-macos-x86_64 | 1.1.0 | 92.00 | NOTE | |||
r-oldrel-windows-ix86+x86_64 | 1.1.0 | 17.00 | 111.00 | 128.00 | OK |
Version: 1.1.0
Check: dependencies in R code
Result: NOTE
Namespaces in Imports field not imported from:
‘MASS’ ‘Matrix’ ‘matrixcalc’ ‘stats’
All declared Imports should be used.
Flavors: r-devel-linux-x86_64-fedora-clang, r-devel-linux-x86_64-fedora-gcc, r-release-macos-arm64, r-release-macos-x86_64, r-oldrel-macos-arm64, r-oldrel-macos-x86_64