Last updated on 2023-01-29 03:55:08 CET.
Flavor | Version | Tinstall | Tcheck | Ttotal | Status | Flags |
---|---|---|---|---|---|---|
r-devel-linux-x86_64-debian-clang | 2.1-2 | 205.91 | 127.24 | 333.15 | OK | |
r-devel-linux-x86_64-debian-gcc | 2.1-2 | 181.64 | 107.85 | 289.49 | NOTE | |
r-devel-linux-x86_64-fedora-clang | 2.1-2 | 481.37 | OK | |||
r-devel-linux-x86_64-fedora-gcc | 2.1-3 | 489.27 | OK | |||
r-devel-windows-x86_64 | 2.1-2 | 159.00 | 169.00 | 328.00 | OK | |
r-patched-linux-x86_64 | 2.1-2 | 182.46 | 126.00 | 308.46 | OK | |
r-release-linux-x86_64 | 2.1-2 | 181.82 | 122.03 | 303.85 | OK | |
r-release-macos-arm64 | 2.1-3 | 102.00 | NOTE | |||
r-release-macos-x86_64 | 2.1-2 | 137.00 | NOTE | |||
r-release-windows-x86_64 | 2.1-3 | 241.00 | 206.00 | 447.00 | OK | |
r-oldrel-macos-arm64 | 2.1-3 | 93.00 | NOTE | |||
r-oldrel-macos-x86_64 | 2.1-2 | 132.00 | NOTE | |||
r-oldrel-windows-ix86+x86_64 | 2.1-2 | 478.00 | 192.00 | 670.00 | NOTE |
Version: 2.1-2
Check: C++ specification
Result: NOTE
Specified C++11: please update to current default of C++17
Flavor: r-devel-linux-x86_64-debian-gcc
Version: 2.1-3
Check: installed package size
Result: NOTE
installed size is 17.6Mb
sub-directories of 1Mb or more:
data 1.5Mb
libs 15.3Mb
Flavors: r-release-macos-arm64, r-oldrel-macos-arm64
Version: 2.1-2
Check: installed package size
Result: NOTE
installed size is 17.2Mb
sub-directories of 1Mb or more:
data 1.5Mb
libs 15.0Mb
Flavors: r-release-macos-x86_64, r-oldrel-macos-x86_64, r-oldrel-windows-ix86+x86_64