CRAN Package Check Results for Package BayesRGMM

Last updated on 2022-01-23 02:56:05 CET.

Flavor Version Tinstall Tcheck Ttotal Status Flags
r-devel-linux-x86_64-debian-clang 2.1 136.03 143.59 279.62 OK
r-devel-linux-x86_64-debian-gcc 2.1 103.37 110.53 213.90 OK
r-devel-linux-x86_64-fedora-clang 2.1 390.45 NOTE
r-devel-linux-x86_64-fedora-gcc 2.1 362.16 OK
r-devel-windows-x86_64-new-UL 2.1 122.00 203.00 325.00 OK
r-devel-windows-x86_64-new-TK 2.1 OK
r-patched-linux-x86_64 2.1 125.42 139.58 265.00 OK
r-release-linux-x86_64 2.1 127.07 140.54 267.61 OK
r-release-macos-arm64 2.1 NOTE
r-release-macos-x86_64 2.1 NOTE
r-release-windows-ix86+x86_64 2.1 311.00 246.00 557.00 OK
r-oldrel-macos-x86_64 2.1 NOTE
r-oldrel-windows-ix86+x86_64 2.1 303.00 242.00 545.00 OK

Check Details

Version: 2.1
Check: installed package size
Result: NOTE
     installed size is 8.8Mb
     sub-directories of 1Mb or more:
     libs 8.2Mb
Flavors: r-devel-linux-x86_64-fedora-clang, r-release-macos-arm64, r-release-macos-x86_64, r-oldrel-macos-x86_64