CRAN Package Check Results for Package BayesPostEst

Last updated on 2022-06-30 03:53:17 CEST.

Flavor Version Tinstall Tcheck Ttotal Status Flags
r-devel-linux-x86_64-debian-clang 0.3.2 6.79 222.82 229.61 OK
r-devel-linux-x86_64-debian-gcc 0.3.2 5.26 161.69 166.95 OK
r-devel-linux-x86_64-fedora-clang 0.3.2 292.98 WARN
r-devel-linux-x86_64-fedora-gcc 0.3.2 282.36 WARN
r-devel-windows-x86_64 0.3.2 46.00 268.00 314.00 OK
r-patched-linux-x86_64 0.3.2 6.62 210.81 217.43 OK
r-release-linux-x86_64 0.3.2 6.42 213.14 219.56 OK
r-release-macos-arm64 0.3.2 104.00 NOTE
r-release-macos-x86_64 0.3.2 132.00 NOTE
r-release-windows-x86_64 0.3.2 82.00 278.00 360.00 OK
r-oldrel-macos-arm64 0.3.2 88.00 NOTE
r-oldrel-macos-x86_64 0.3.2 130.00 NOTE
r-oldrel-windows-ix86+x86_64 0.3.2 15.00 288.00 303.00 OK

Check Details

Version: 0.3.2
Check: package dependencies
Result: WARN
    Requires (indirectly) orphaned package: ‘gtools’
Flavors: r-devel-linux-x86_64-fedora-clang, r-devel-linux-x86_64-fedora-gcc

Version: 0.3.2
Check: dependencies in R code
Result: NOTE
    Namespaces in Imports field not imported from:
     ‘HDInterval’ ‘MCMCpack’ ‘R2WinBUGS’ ‘R2jags’ ‘carData’ ‘rjags’
     All declared Imports should be used.
Flavors: r-devel-linux-x86_64-fedora-clang, r-devel-linux-x86_64-fedora-gcc, r-release-macos-arm64, r-release-macos-x86_64, r-oldrel-macos-arm64, r-oldrel-macos-x86_64