CRAN Package Check Results for Package BayesMFSurv

Last updated on 2020-09-22 03:49:14 CEST.

Flavor Version Tinstall Tcheck Ttotal Status Flags
r-devel-linux-x86_64-debian-clang 0.1.0 36.33 81.34 117.67 OK
r-devel-linux-x86_64-debian-gcc 0.1.0 0.26 1.83 2.09 ERROR
r-devel-linux-x86_64-fedora-clang 0.1.0 161.36 NOTE
r-devel-linux-x86_64-fedora-gcc 0.1.0 178.82 NOTE
r-devel-windows-ix86+x86_64 0.1.0 86.00 172.00 258.00 OK
r-patched-linux-x86_64 0.1.0 28.39 80.06 108.45 OK
r-patched-solaris-x86 0.1.0 198.80 NOTE
r-release-linux-x86_64 0.1.0 30.26 80.62 110.88 OK
r-release-macos-x86_64 0.1.0 NOTE
r-release-windows-ix86+x86_64 0.1.0 84.00 131.00 215.00 OK
r-oldrel-macos-x86_64 0.1.0 NOTE
r-oldrel-windows-ix86+x86_64 0.1.0 57.00 157.00 214.00 OK

Check Details

Version: 0.1.0
Check: whether package can be installed
Result: ERROR
    Installation failed.
Flavor: r-devel-linux-x86_64-debian-gcc

Version: 0.1.0
Check: dependencies in R code
Result: NOTE
    Namespace in Imports field not imported from: ‘FastGP’
     All declared Imports should be used.
Flavors: r-devel-linux-x86_64-fedora-clang, r-devel-linux-x86_64-fedora-gcc, r-patched-solaris-x86, r-release-macos-x86_64, r-oldrel-macos-x86_64