CRAN Package Check Results for Package BayesLN

Last updated on 2020-09-27 03:46:26 CEST.

Flavor Version Tinstall Tcheck Ttotal Status Flags
r-devel-linux-x86_64-debian-clang 0.1.2 89.98 191.56 281.54 OK
r-devel-linux-x86_64-debian-gcc 0.1.2 64.59 153.29 217.88 OK
r-devel-linux-x86_64-fedora-clang 0.1.2 363.85 NOTE
r-devel-linux-x86_64-fedora-gcc 0.1.2 391.49 OK
r-devel-windows-ix86+x86_64 0.1.2 203.00 286.00 489.00 OK
r-patched-linux-x86_64 0.1.2 73.32 190.21 263.53 OK
r-patched-solaris-x86 0.1.2 503.60 OK
r-release-linux-x86_64 0.1.2 65.90 187.27 253.17 OK
r-release-macos-x86_64 0.1.2 OK
r-release-windows-ix86+x86_64 0.1.2 183.00 297.00 480.00 OK
r-oldrel-macos-x86_64 0.1.2 OK
r-oldrel-windows-ix86+x86_64 0.1.2 179.00 259.00 438.00 OK

Check Details

Version: 0.1.2
Check: installed package size
Result: NOTE
     installed size is 5.3Mb
     sub-directories of 1Mb or more:
     libs 4.9Mb
Flavor: r-devel-linux-x86_64-fedora-clang