CRAN Package Check Results for Package BayesGWQS

Last updated on 2022-07-06 03:52:09 CEST.

Flavor Version Tinstall Tcheck Ttotal Status Flags
r-devel-linux-x86_64-debian-clang 0.1.1 1.77 27.03 28.80 OK
r-devel-linux-x86_64-debian-gcc 0.1.1 1.75 21.13 22.88 OK
r-devel-linux-x86_64-fedora-clang 0.1.1 48.04 NOTE
r-devel-linux-x86_64-fedora-gcc 0.1.1 45.70 NOTE
r-devel-windows-x86_64 0.1.1 12.00 59.00 71.00 OK
r-patched-linux-x86_64 0.1.1 2.30 26.36 28.66 OK
r-release-linux-x86_64 0.1.1 2.57 26.51 29.08 OK
r-release-macos-arm64 0.1.1 17.00 NOTE
r-release-macos-x86_64 0.1.1 26.00 NOTE
r-release-windows-x86_64 0.1.1 9.00 54.00 63.00 OK
r-oldrel-macos-arm64 0.1.1 17.00 NOTE
r-oldrel-macos-x86_64 0.1.1 26.00 NOTE
r-oldrel-windows-ix86+x86_64 0.1.1 6.00 43.00 49.00 OK

Check Details

Version: 0.1.1
Check: dependencies in R code
Result: NOTE
    Namespace in Imports field not imported from: ‘plyr’
     All declared Imports should be used.
Flavors: r-devel-linux-x86_64-fedora-clang, r-devel-linux-x86_64-fedora-gcc, r-release-macos-arm64, r-release-macos-x86_64, r-oldrel-macos-arm64, r-oldrel-macos-x86_64