CRAN Package Check Results for Package BayesARIMAX

Last updated on 2022-08-16 04:53:33 CEST.

Flavor Version Tinstall Tcheck Ttotal Status Flags
r-devel-linux-x86_64-debian-clang 0.1.1 6.21 71.14 77.35 NOTE
r-devel-linux-x86_64-debian-gcc 0.1.1 5.26 52.25 57.51 NOTE
r-devel-linux-x86_64-fedora-clang 0.1.1 102.12 NOTE
r-devel-linux-x86_64-fedora-gcc 0.1.1 102.34 NOTE
r-devel-windows-x86_64 0.1.1 9.00 92.00 101.00 NOTE
r-patched-linux-x86_64 0.1.1 6.74 66.49 73.23 NOTE
r-release-linux-x86_64 0.1.1 4.90 64.93 69.83 NOTE
r-release-macos-arm64 0.1.1 29.00 NOTE
r-release-macos-x86_64 0.1.1 42.00 NOTE
r-release-windows-x86_64 0.1.1 10.00 91.00 101.00 NOTE
r-oldrel-macos-arm64 0.1.1 38.00 NOTE
r-oldrel-macos-x86_64 0.1.1 53.00 NOTE
r-oldrel-windows-ix86+x86_64 0.1.1 19.00 89.00 108.00 NOTE

Check Details

Version: 0.1.1
Check: LazyData
Result: NOTE
     'LazyData' is specified without a 'data' directory
Flavors: r-devel-linux-x86_64-debian-clang, r-devel-linux-x86_64-debian-gcc, r-devel-linux-x86_64-fedora-clang, r-devel-linux-x86_64-fedora-gcc, r-devel-windows-x86_64, r-patched-linux-x86_64, r-release-linux-x86_64, r-release-macos-arm64, r-release-macos-x86_64, r-release-windows-x86_64, r-oldrel-macos-arm64, r-oldrel-macos-x86_64, r-oldrel-windows-ix86+x86_64