Last updated on 2022-06-28 15:53:11 CEST.
Flavor | Version | Tinstall | Tcheck | Ttotal | Status | Flags |
---|---|---|---|---|---|---|
r-devel-linux-x86_64-debian-clang | 0.2.1 | 7.06 | 84.05 | 91.11 | NOTE | |
r-devel-linux-x86_64-debian-gcc | 0.2.1 | 5.92 | 62.82 | 68.74 | NOTE | |
r-devel-linux-x86_64-fedora-clang | 0.2.1 | 119.53 | WARN | |||
r-devel-linux-x86_64-fedora-gcc | 0.2.1 | 117.56 | WARN | |||
r-devel-windows-x86_64 | 0.2.1 | 37.00 | 138.00 | 175.00 | NOTE | |
r-patched-linux-x86_64 | 0.2.1 | 11.33 | 80.48 | 91.81 | OK | |
r-release-linux-x86_64 | 0.2.1 | 4.84 | 80.48 | 85.32 | OK | |
r-release-macos-arm64 | 0.2.1 | 46.00 | OK | |||
r-release-macos-x86_64 | 0.2.1 | 54.00 | OK | |||
r-release-windows-x86_64 | 0.2.1 | 33.00 | 137.00 | 170.00 | OK | |
r-oldrel-macos-arm64 | 0.2.1 | 30.00 | OK | |||
r-oldrel-macos-x86_64 | 0.2.1 | 52.00 | OK | |||
r-oldrel-windows-ix86+x86_64 | 0.2.1 | 17.00 | 130.00 | 147.00 | OK |
Version: 0.2.1
Check: Rd files
Result: NOTE
checkRd: (-1) create_ThetaMatrix.Rd:32: Escaped LaTeX specials: \&
checkRd: (-1) create_ThetaMatrix.Rd:41: Escaped LaTeX specials: \&
Flavors: r-devel-linux-x86_64-debian-clang, r-devel-linux-x86_64-debian-gcc, r-devel-linux-x86_64-fedora-clang, r-devel-linux-x86_64-fedora-gcc, r-devel-windows-x86_64
Version: 0.2.1
Check: package dependencies
Result: WARN
Requires (indirectly) orphaned package: ‘gtools’
Flavors: r-devel-linux-x86_64-fedora-clang, r-devel-linux-x86_64-fedora-gcc