Last updated on 2022-06-26 15:52:53 CEST.
Flavor | Version | Tinstall | Tcheck | Ttotal | Status | Flags |
---|---|---|---|---|---|---|
r-devel-linux-x86_64-debian-clang | 0.5.0 | 17.83 | 191.90 | 209.73 | OK | |
r-devel-linux-x86_64-debian-gcc | 0.5.0 | 12.75 | 139.39 | 152.14 | OK | |
r-devel-linux-x86_64-fedora-clang | 0.5.0 | 247.12 | NOTE | |||
r-devel-linux-x86_64-fedora-gcc | 0.5.0 | 245.20 | NOTE | |||
r-devel-windows-x86_64 | 0.5.0 | 136.00 | 206.00 | 342.00 | OK | |
r-patched-linux-x86_64 | 0.5.0 | 23.93 | 177.66 | 201.59 | OK | |
r-release-linux-x86_64 | 0.5.0 | 12.37 | 174.51 | 186.88 | OK | |
r-release-macos-arm64 | 0.5.0 | 68.00 | NOTE | |||
r-release-macos-x86_64 | 0.5.0 | 110.00 | NOTE | |||
r-release-windows-x86_64 | 0.5.0 | 141.00 | 210.00 | 351.00 | OK | |
r-oldrel-macos-arm64 | 0.5.0 | 79.00 | NOTE | |||
r-oldrel-macos-x86_64 | 0.5.0 | 131.00 | NOTE | |||
r-oldrel-windows-ix86+x86_64 | 0.5.0 | 33.00 | 213.00 | 246.00 | OK |
Version: 0.5.0
Check: package dependencies
Result: NOTE
Imports includes 25 non-default packages.
Importing from so many packages makes the package vulnerable to any of
them becoming unavailable. Move as many as possible to Suggests and
use conditionally.
Flavor: r-devel-linux-x86_64-fedora-clang
Version: 0.5.0
Check: dependencies in R code
Result: NOTE
Namespaces in Imports field not imported from:
‘circlize’ ‘hexbin’ ‘scales’ ‘sna’
All declared Imports should be used.
Flavors: r-devel-linux-x86_64-fedora-clang, r-devel-linux-x86_64-fedora-gcc, r-release-macos-arm64, r-release-macos-x86_64, r-oldrel-macos-arm64, r-oldrel-macos-x86_64