CRAN Package Check Results for Package BaMORC

Last updated on 2020-09-28 03:47:37 CEST.

Flavor Version Tinstall Tcheck Ttotal Status Flags
r-devel-linux-x86_64-debian-clang 1.0.1 11.43 125.57 137.00 OK
r-devel-linux-x86_64-debian-gcc 1.0.1 10.03 89.90 99.93 OK
r-devel-linux-x86_64-fedora-clang 1.0.1 162.98 NOTE
r-devel-linux-x86_64-fedora-gcc 1.0.1 187.54 NOTE
r-devel-windows-ix86+x86_64 1.0.1 25.00 158.00 183.00 NOTE
r-patched-linux-x86_64 1.0.1 11.50 117.47 128.97 OK
r-patched-solaris-x86 1.0.1 204.50 NOTE
r-release-linux-x86_64 1.0.1 11.77 119.09 130.86 OK
r-release-macos-x86_64 1.0.1 NOTE
r-release-windows-ix86+x86_64 1.0.1 31.00 162.00 193.00 NOTE
r-oldrel-macos-x86_64 1.0.1 NOTE
r-oldrel-windows-ix86+x86_64 1.0.1 21.00 174.00 195.00 NOTE

Check Details

Version: 1.0.1
Check: installed package size
Result: NOTE
     installed size is 5.5Mb
     sub-directories of 1Mb or more:
     data 4.6Mb
Flavors: r-devel-linux-x86_64-fedora-clang, r-devel-windows-ix86+x86_64, r-patched-solaris-x86, r-release-macos-x86_64, r-release-windows-ix86+x86_64, r-oldrel-macos-x86_64, r-oldrel-windows-ix86+x86_64

Version: 1.0.1
Check: dependencies in R code
Result: NOTE
    Namespaces in Imports field not imported from:
     ‘devtools’ ‘docopt’
     All declared Imports should be used.
Flavors: r-devel-linux-x86_64-fedora-clang, r-devel-linux-x86_64-fedora-gcc, r-patched-solaris-x86, r-release-macos-x86_64, r-oldrel-macos-x86_64