CRAN Package Check Results for Package BTYDplus

Last updated on 2020-09-20 03:47:20 CEST.

Flavor Version Tinstall Tcheck Ttotal Status Flags
r-devel-linux-x86_64-debian-clang 1.0.1 32.63 478.11 510.74 OK
r-devel-linux-x86_64-debian-gcc 1.0.1 22.64 267.64 290.28 OK
r-devel-linux-x86_64-fedora-clang 1.0.1 537.74 NOTE
r-devel-linux-x86_64-fedora-gcc 1.0.1 498.06 NOTE
r-devel-windows-ix86+x86_64 1.0.1 63.00 429.00 492.00 OK --no-vignettes
r-patched-linux-x86_64 1.0.1 24.08 368.54 392.62 OK
r-patched-solaris-x86 1.0.1 760.00 OK
r-release-linux-x86_64 1.0.1 26.73 370.63 397.36 OK
r-release-macos-x86_64 1.0.1 OK
r-release-windows-ix86+x86_64 1.0.1 64.00 385.00 449.00 OK --no-vignettes
r-oldrel-macos-x86_64 1.0.1 OK
r-oldrel-windows-ix86+x86_64 1.0.1 42.00 482.00 524.00 OK --no-vignettes

Check Details

Version: 1.0.1
Check: compiled code
Result: NOTE
    File ‘BTYDplus/libs/BTYDplus.so’:
     Found no calls to: ‘R_registerRoutines’, ‘R_useDynamicSymbols’
    
    It is good practice to register native routines and to disable symbol
    search.
    
    See ‘Writing portable packages’ in the ‘Writing R Extensions’ manual.
Flavors: r-devel-linux-x86_64-fedora-clang, r-devel-linux-x86_64-fedora-gcc