Last updated on 2023-01-31 15:55:43 CET.
Flavor | Version | Tinstall | Tcheck | Ttotal | Status | Flags |
---|---|---|---|---|---|---|
r-devel-linux-x86_64-debian-clang | 2021.11.2 | 12.27 | 105.34 | 117.61 | OK | |
r-devel-linux-x86_64-debian-gcc | 2021.11.2 | 9.21 | 76.42 | 85.63 | OK | |
r-devel-linux-x86_64-fedora-clang | 2021.11.2 | 152.72 | NOTE | |||
r-devel-linux-x86_64-fedora-gcc | 2021.11.2 | 163.39 | OK | |||
r-devel-windows-x86_64 | 2021.11.2 | 54.00 | 133.00 | 187.00 | NOTE | |
r-patched-linux-x86_64 | 2021.11.2 | 11.17 | 105.12 | 116.29 | OK | |
r-release-linux-x86_64 | 2021.11.2 | 11.96 | 99.64 | 111.60 | OK | |
r-release-macos-arm64 | 2021.11.2 | 49.00 | NOTE | |||
r-release-macos-x86_64 | 2021.11.2 | 59.00 | NOTE | |||
r-release-windows-x86_64 | 2021.11.2 | 47.00 | 138.00 | 185.00 | NOTE | |
r-oldrel-macos-arm64 | 2021.11.2 | 42.00 | NOTE | |||
r-oldrel-macos-x86_64 | 2021.11.2 | 61.00 | NOTE | |||
r-oldrel-windows-ix86+x86_64 | 2021.11.2 | 27.00 | 128.00 | 155.00 | NOTE |
Version: 2021.11.2
Check: installed package size
Result: NOTE
installed size is 5.3Mb
sub-directories of 1Mb or more:
doc 4.9Mb
Flavors: r-devel-linux-x86_64-fedora-clang, r-devel-windows-x86_64, r-release-macos-arm64, r-release-macos-x86_64, r-release-windows-x86_64, r-oldrel-macos-arm64, r-oldrel-macos-x86_64, r-oldrel-windows-ix86+x86_64