CRAN Package Check Results for Package BNrich

Last updated on 2022-08-10 15:51:19 CEST.

Flavor Version Tinstall Tcheck Ttotal Status Flags
r-devel-linux-x86_64-debian-clang 0.1.1 9.39 104.57 113.96 NOTE
r-devel-linux-x86_64-debian-gcc 0.1.1 8.44 78.35 86.79 NOTE
r-devel-linux-x86_64-fedora-clang 0.1.1 151.65 NOTE
r-devel-linux-x86_64-fedora-gcc 0.1.1 150.39 NOTE
r-devel-windows-x86_64 0.1.1 13.00 175.00 188.00 NOTE
r-patched-linux-x86_64 0.1.1 10.01 98.47 108.48 NOTE
r-release-linux-x86_64 0.1.1 NOTE
r-release-macos-arm64 0.1.1 42.00 NOTE
r-release-macos-x86_64 0.1.1 57.00 NOTE
r-release-windows-x86_64 0.1.1 15.00 126.00 141.00 NOTE
r-oldrel-macos-arm64 0.1.1 46.00 NOTE
r-oldrel-macos-x86_64 0.1.1 75.00 NOTE
r-oldrel-windows-ix86+x86_64 0.1.1 23.00 117.00 140.00 NOTE

Additional issues

donttest

Check Details

Version: 0.1.1
Check: LazyData
Result: NOTE
     'LazyData' is specified without a 'data' directory
Flavors: r-devel-linux-x86_64-debian-clang, r-devel-linux-x86_64-debian-gcc, r-devel-linux-x86_64-fedora-clang, r-devel-linux-x86_64-fedora-gcc, r-devel-windows-x86_64, r-patched-linux-x86_64, r-release-linux-x86_64, r-release-macos-arm64, r-release-macos-x86_64, r-release-windows-x86_64, r-oldrel-macos-arm64, r-oldrel-macos-x86_64, r-oldrel-windows-ix86+x86_64