CRAN Package Check Results for Package BMTME

Last updated on 2023-01-31 15:55:43 CET.

Flavor Version Tinstall Tcheck Ttotal Status Flags
r-devel-linux-x86_64-debian-clang 1.0.19 36.37 90.34 126.71 NOTE
r-devel-linux-x86_64-debian-gcc 1.0.19 29.89 66.86 96.75 NOTE
r-devel-linux-x86_64-fedora-clang 1.0.19 142.86 NOTE --no-tests
r-devel-linux-x86_64-fedora-gcc 1.0.19 129.60 NOTE --no-tests
r-devel-windows-x86_64 1.0.19 61.00 168.00 229.00 ERROR
r-patched-linux-x86_64 1.0.19 36.42 86.23 122.65 OK
r-release-linux-x86_64 1.0.19 32.72 88.76 121.48 OK
r-release-macos-arm64 1.0.19 47.00 OK
r-release-macos-x86_64 1.0.19 77.00 OK
r-release-windows-x86_64 1.0.19 57.00 152.00 209.00 ERROR
r-oldrel-macos-arm64 1.0.19 53.00 OK
r-oldrel-macos-x86_64 1.0.19 71.00 OK
r-oldrel-windows-ix86+x86_64 1.0.19 97.00 192.00 289.00 OK

Check Details

Version: 1.0.19
Check: C++ specification
Result: NOTE
     Specified C++11: please update to current default of C++17
Flavors: r-devel-linux-x86_64-debian-clang, r-devel-linux-x86_64-debian-gcc, r-devel-windows-x86_64

Version: 1.0.19
Flags: --no-tests
Check: C++ specification
Result: NOTE
     Specified C++11: please update to current default of C++17
Flavors: r-devel-linux-x86_64-fedora-clang, r-devel-linux-x86_64-fedora-gcc

Version: 1.0.19
Check: tests
Result: ERROR
     Running 'testthat.R' [40s]
    Running the tests in 'tests/testthat.R' failed.
    Complete output:
     > library(testthat)
     > library(BMTME)
     >
     > test_check("BMTME")
     [ FAIL 1 | WARN 0 | SKIP 0 | PASS 162 ]
    
     ══ Failed tests ════════════════════════════════════════════════════════════════
     ── Error ('test.R:347'): BMORS function with Wheat full data ───────────────────
     Error in `{
     CVBMORS(Y, testingSet, ETA, nIter, burnIn, thin, predictor_Sec_complete,
     covModel, digits, actual_CV, progressBar = FALSE, NULL)
     }`: task 8 failed - "cannot open the connection"
     Backtrace:
     ▆
     1. └─BMTME::BMORS(...) at test.R:347:4
     2. └─... %dopar% ...
     3. └─e$fun(obj, substitute(ex), parent.frame(), e$data)
    
     [ FAIL 1 | WARN 0 | SKIP 0 | PASS 162 ]
     Error: Test failures
     Execution halted
Flavor: r-devel-windows-x86_64

Version: 1.0.19
Check: tests
Result: ERROR
     Running 'testthat.R' [38s]
    Running the tests in 'tests/testthat.R' failed.
    Complete output:
     > library(testthat)
     > library(BMTME)
     >
     > test_check("BMTME")
     [ FAIL 1 | WARN 0 | SKIP 0 | PASS 162 ]
    
     ══ Failed tests ════════════════════════════════════════════════════════════════
     ── Error ('test.R:347'): BMORS function with Wheat full data ───────────────────
     Error in `{
     CVBMORS(Y, testingSet, ETA, nIter, burnIn, thin, predictor_Sec_complete,
     covModel, digits, actual_CV, progressBar = FALSE, NULL)
     }`: task 2 failed - "cannot open the connection"
     Backtrace:
     ▆
     1. └─BMTME::BMORS(...) at test.R:347:4
     2. └─... %dopar% ...
     3. └─e$fun(obj, substitute(ex), parent.frame(), e$data)
    
     [ FAIL 1 | WARN 0 | SKIP 0 | PASS 162 ]
     Error: Test failures
     Execution halted
Flavor: r-release-windows-x86_64