CRAN Package Check Results for Package BLPestimatoR

Last updated on 2022-07-02 15:52:13 CEST.

Flavor Version Tinstall Tcheck Ttotal Status Flags
r-devel-linux-x86_64-debian-clang 0.3.2 40.97 133.29 174.26 WARN
r-devel-linux-x86_64-debian-gcc 0.3.2 36.36 100.22 136.58 OK
r-devel-linux-x86_64-fedora-clang 0.3.2 240.15 WARN
r-devel-linux-x86_64-fedora-gcc 0.3.2 226.01 OK
r-devel-windows-x86_64 0.3.2 75.00 181.00 256.00 OK
r-patched-linux-x86_64 0.3.2 43.10 127.32 170.42 OK
r-release-linux-x86_64 0.3.2 36.06 127.89 163.95 OK
r-release-macos-arm64 0.3.2 65.00 OK
r-release-macos-x86_64 0.3.2 85.00 OK
r-release-windows-x86_64 0.3.2 65.00 188.00 253.00 OK
r-oldrel-macos-arm64 0.3.2 73.00 OK
r-oldrel-macos-x86_64 0.3.2 127.00 OK
r-oldrel-windows-ix86+x86_64 0.3.2 101.00 214.00 315.00 OK

Additional issues

clang14

Check Details

Version: 0.3.2
Check: whether package can be installed
Result: WARN
    Found the following significant warnings:
     cppFunctions.cpp:171:7: warning: use of bitwise '|' with boolean operands [-Wbitwise-instead-of-logical]
Flavors: r-devel-linux-x86_64-debian-clang, r-devel-linux-x86_64-fedora-clang