CRAN Package Check Results for Package BLModel

Last updated on 2022-01-22 03:56:38 CET.

Flavor Version Tinstall Tcheck Ttotal Status Flags
r-devel-linux-x86_64-debian-clang 1.0.2 2.41 32.12 34.53 NOTE
r-devel-linux-x86_64-debian-gcc 1.0.2 1.87 25.27 27.14 NOTE
r-devel-linux-x86_64-fedora-clang 1.0.2 43.07 NOTE
r-devel-linux-x86_64-fedora-gcc 1.0.2 32.02 NOTE
r-devel-windows-x86_64-new-UL 1.0.2 22.00 58.00 80.00 NOTE
r-devel-windows-x86_64-new-TK 1.0.2 NOTE
r-patched-linux-x86_64 1.0.2 2.12 32.11 34.23 NOTE
r-release-linux-x86_64 1.0.2 1.50 31.42 32.92 NOTE
r-release-macos-arm64 1.0.2 NOTE
r-release-macos-x86_64 1.0.2 NOTE
r-release-windows-ix86+x86_64 1.0.2 4.00 38.00 42.00 NOTE
r-oldrel-macos-x86_64 1.0.2 OK
r-oldrel-windows-ix86+x86_64 1.0.2 5.00 39.00 44.00 OK

Check Details

Version: 1.0.2
Check: LazyData
Result: NOTE
     'LazyData' is specified without a 'data' directory
Flavors: r-devel-linux-x86_64-debian-clang, r-devel-linux-x86_64-debian-gcc, r-devel-linux-x86_64-fedora-clang, r-devel-linux-x86_64-fedora-gcc, r-devel-windows-x86_64-new-UL, r-devel-windows-x86_64-new-TK, r-patched-linux-x86_64, r-release-linux-x86_64, r-release-macos-arm64, r-release-macos-x86_64, r-release-windows-ix86+x86_64