CRAN Package Check Results for Package BIFIEsurvey

Last updated on 2022-06-28 03:51:26 CEST.

Flavor Version Tinstall Tcheck Ttotal Status Flags
r-devel-linux-x86_64-debian-clang 3.4-15 143.56 105.77 249.33 OK
r-devel-linux-x86_64-debian-gcc 3.4-15 130.10 76.97 207.07 OK
r-devel-linux-x86_64-fedora-clang 3.4-15 407.11 NOTE
r-devel-linux-x86_64-fedora-gcc 3.4-15 377.22 OK
r-devel-windows-x86_64 3.4-15 246.00 156.00 402.00 OK
r-patched-linux-x86_64 3.4-15 137.81 96.57 234.38 OK
r-release-linux-x86_64 3.4-15 124.00 97.88 221.88 OK
r-release-macos-arm64 3.4-15 89.00 NOTE
r-release-macos-x86_64 3.4-15 138.00 NOTE
r-release-windows-x86_64 3.4-15 201.00 155.00 356.00 OK
r-oldrel-macos-arm64 3.4-15 87.00 NOTE
r-oldrel-macos-x86_64 3.4-15 107.00 NOTE
r-oldrel-windows-ix86+x86_64 3.4-15 369.00 176.00 545.00 NOTE

Check Details

Version: 3.4-15
Check: installed package size
Result: NOTE
     installed size is 8.2Mb
     sub-directories of 1Mb or more:
     data 1.4Mb
     libs 6.3Mb
Flavors: r-devel-linux-x86_64-fedora-clang, r-release-macos-arm64, r-release-macos-x86_64, r-oldrel-macos-arm64, r-oldrel-macos-x86_64, r-oldrel-windows-ix86+x86_64