Last updated on 2022-06-28 03:51:26 CEST.
Flavor | Version | Tinstall | Tcheck | Ttotal | Status | Flags |
---|---|---|---|---|---|---|
r-devel-linux-x86_64-debian-clang | 2.0.4 | 97.25 | 237.48 | 334.73 | NOTE | |
r-devel-linux-x86_64-debian-gcc | 2.0.4 | 73.39 | 175.38 | 248.77 | NOTE | |
r-devel-linux-x86_64-fedora-clang | 2.0.4 | 444.94 | NOTE | |||
r-devel-linux-x86_64-fedora-gcc | 2.0.4 | 407.65 | NOTE | |||
r-devel-windows-x86_64 | 2.0.4 | 105.00 | 317.00 | 422.00 | NOTE | |
r-patched-linux-x86_64 | 2.0.4 | 84.75 | 224.31 | 309.06 | OK | |
r-release-linux-x86_64 | 2.0.4 | 79.06 | 223.40 | 302.46 | OK | |
r-release-macos-arm64 | 2.0.4 | 119.00 | NOTE | |||
r-release-macos-x86_64 | 2.0.4 | 198.00 | NOTE | |||
r-release-windows-x86_64 | 2.0.4 | 109.00 | 324.00 | 433.00 | NOTE | |
r-oldrel-macos-arm64 | 2.0.4 | 142.00 | NOTE | |||
r-oldrel-macos-x86_64 | 2.0.4 | 168.00 | NOTE | |||
r-oldrel-windows-ix86+x86_64 | 2.0.4 | 185.00 | 376.00 | 561.00 | NOTE |
Version: 2.0.4
Check: Rd files
Result: NOTE
checkRd: (-1) BGGM-package.Rd:138: Escaped LaTeX specials: \&
Flavors: r-devel-linux-x86_64-debian-clang, r-devel-linux-x86_64-debian-gcc, r-devel-linux-x86_64-fedora-clang, r-devel-linux-x86_64-fedora-gcc, r-devel-windows-x86_64
Version: 2.0.4
Check: installed package size
Result: NOTE
installed size is 10.9Mb
sub-directories of 1Mb or more:
doc 3.8Mb
help 1.1Mb
libs 5.3Mb
Flavors: r-devel-linux-x86_64-fedora-clang, r-devel-windows-x86_64, r-release-macos-arm64, r-release-macos-x86_64, r-release-windows-x86_64, r-oldrel-macos-arm64, r-oldrel-macos-x86_64, r-oldrel-windows-ix86+x86_64