CRAN Package Check Results for Package BED

Last updated on 2022-08-15 03:52:42 CEST.

Flavor Version Tinstall Tcheck Ttotal Status Flags
r-devel-linux-x86_64-debian-clang 1.4.8 14.65 105.30 119.95 OK
r-devel-linux-x86_64-debian-gcc 1.4.8 10.39 77.01 87.40 OK
r-devel-linux-x86_64-fedora-clang 1.4.8 154.73 NOTE
r-devel-linux-x86_64-fedora-gcc 1.4.8 151.70 OK
r-devel-windows-x86_64 1.4.8 55.00 138.00 193.00 OK
r-patched-linux-x86_64 1.4.8 11.72 95.99 107.71 OK
r-release-linux-x86_64 1.4.8 13.70 95.56 109.26 OK
r-release-macos-arm64 1.4.8 46.00 OK
r-release-macos-x86_64 1.4.8 63.00 OK
r-release-windows-x86_64 1.4.8 45.00 135.00 180.00 OK
r-oldrel-macos-arm64 1.4.8 39.00 OK
r-oldrel-macos-x86_64 1.4.8 62.00 OK
r-oldrel-windows-ix86+x86_64 1.4.8 31.00 146.00 177.00 OK

Check Details

Version: 1.4.8
Check: Rd cross-references
Result: NOTE
    Undeclared package ‘RCurl’ in Rd xrefs
Flavor: r-devel-linux-x86_64-fedora-clang