CRAN Package Check Results for Package BDgraph

Last updated on 2020-09-23 16:38:35 CEST.

Flavor Version Tinstall Tcheck Ttotal Status Flags
r-devel-linux-x86_64-debian-clang 2.63 46.78 46.89 93.67 OK
r-devel-linux-x86_64-debian-gcc 2.63 40.95 36.18 77.13 OK
r-devel-linux-x86_64-fedora-clang 2.63 138.62 NOTE
r-devel-linux-x86_64-fedora-gcc 2.63 150.84 OK
r-devel-windows-ix86+x86_64 2.63 99.00 82.00 181.00 OK
r-patched-linux-x86_64 2.63 46.63 45.17 91.80 OK
r-patched-solaris-x86 2.63 143.40 OK
r-release-linux-x86_64 2.63 46.50 45.23 91.73 OK
r-release-macos-x86_64 2.63 OK
r-release-windows-ix86+x86_64 2.63 85.00 86.00 171.00 OK
r-oldrel-macos-x86_64 2.63 OK
r-oldrel-windows-ix86+x86_64 2.63 79.00 92.00 171.00 OK

Check Details

Version: 2.63
Check: installed package size
Result: NOTE
     installed size is 6.3Mb
     sub-directories of 1Mb or more:
     libs 5.0Mb
Flavor: r-devel-linux-x86_64-fedora-clang

Version: 2.63
Check: Rd cross-references
Result: NOTE
    Undeclared packages ‘ssgraph’, ‘huge’ in Rd xrefs
Flavor: r-devel-linux-x86_64-fedora-clang