CRAN Package Check Results for Package BDgraph

Last updated on 2021-09-19 03:50:50 CEST.

Flavor Version Tinstall Tcheck Ttotal Status Flags
r-devel-linux-x86_64-debian-clang 2.64 47.01 56.96 103.97 OK
r-devel-linux-x86_64-debian-gcc 2.64 41.86 48.73 90.59 OK
r-devel-linux-x86_64-fedora-clang 2.64 150.85 OK
r-devel-linux-x86_64-fedora-gcc 2.64 136.49 OK
r-devel-windows-x86_64 2.64 39.00 63.00 102.00 OK
r-devel-windows-x86_64-gcc10-UCRT 2.64 ERROR
r-patched-linux-x86_64 2.64 48.14 55.31 103.45 OK
r-patched-solaris-x86 2.64 162.30 OK
r-release-linux-x86_64 2.64 46.36 54.74 101.10 OK
r-release-macos-arm64 2.64 NOTE
r-release-macos-x86_64 2.64 OK
r-release-windows-ix86+x86_64 2.64 99.00 87.00 186.00 OK
r-oldrel-macos-x86_64 2.64 OK
r-oldrel-windows-ix86+x86_64 2.64 98.00 67.00 165.00 OK

Check Details

Version: 2.64
Check: whether package can be installed
Result: ERROR
    Installation failed.
Flavor: r-devel-windows-x86_64-gcc10-UCRT

Version: 2.64
Check: installed package size
Result: NOTE
     installed size is 5.6Mb
     sub-directories of 1Mb or more:
     libs 4.3Mb
Flavor: r-release-macos-arm64