CRAN Package Check Results for Package BAwiR

Last updated on 2020-09-28 15:47:36 CEST.

Flavor Version Tinstall Tcheck Ttotal Status Flags
r-devel-linux-x86_64-debian-clang 1.2.4 16.50 133.70 150.20 OK
r-devel-linux-x86_64-debian-gcc 1.2.4 13.54 99.97 113.51 OK
r-devel-linux-x86_64-fedora-clang 1.2.4 186.07 OK
r-devel-linux-x86_64-fedora-gcc 1.2.4 194.28 OK
r-devel-windows-ix86+x86_64 1.2.4 45.00 198.00 243.00 OK
r-patched-linux-x86_64 1.2.4 15.79 122.25 138.04 OK
r-patched-solaris-x86 1.2.4 243.90 OK
r-release-linux-x86_64 1.2.4 15.57 122.29 137.86 OK
r-release-macos-x86_64 1.2.4 OK
r-release-windows-ix86+x86_64 1.2.4 42.00 184.00 226.00 OK
r-oldrel-macos-x86_64 1.2.4 WARN
r-oldrel-windows-ix86+x86_64 1.2.4 39.00 195.00 234.00 OK

Check Details

Version: 1.2.4
Check: whether package can be installed
Result: WARN
    Found the following significant warnings:
     Warning: 'rgl.init' failed, running with 'rgl.useNULL = TRUE'.
Flavor: r-oldrel-macos-x86_64