CRAN Package Check Results for Package BANOVA

Last updated on 2022-06-27 15:53:38 CEST.

Flavor Version Tinstall Tcheck Ttotal Status Flags
r-devel-linux-x86_64-debian-clang 1.2.0 25.58 175.77 201.35 NOTE
r-devel-linux-x86_64-debian-gcc 1.2.1 18.27 118.06 136.33 OK
r-devel-linux-x86_64-fedora-clang 1.2.1 230.68 OK
r-devel-linux-x86_64-fedora-gcc 1.2.1 222.31 OK
r-devel-windows-x86_64 1.2.1 63.00 201.00 264.00 OK
r-patched-linux-x86_64 1.2.1 31.07 153.49 184.56 OK
r-release-linux-x86_64 1.2.1 22.23 154.50 176.73 OK
r-release-macos-arm64 1.2.1 61.00 OK
r-release-macos-x86_64 1.2.1 79.00 OK
r-release-windows-x86_64 1.2.1 70.00 203.00 273.00 OK
r-oldrel-macos-arm64 1.2.1 57.00 OK
r-oldrel-macos-x86_64 1.2.1 76.00 OK
r-oldrel-windows-ix86+x86_64 1.2.1 47.00 174.00 221.00 OK

Check Details

Version: 1.2.0
Check: Rd files
Result: NOTE
    checkRd: (-1) bernlogtime.Rd:10: Escaped LaTeX specials: \$ \$ \$ \$ \$ \$
    checkRd: (-1) bernlogtime.Rd:12: Escaped LaTeX specials: \$
    checkRd: (-1) bernlogtime.Rd:13: Escaped LaTeX specials: \$
    checkRd: (-1) bernlogtime.Rd:14: Escaped LaTeX specials: \$
    checkRd: (-1) bernlogtime.Rd:15: Escaped LaTeX specials: \$
    checkRd: (-1) bernlogtime.Rd:16: Escaped LaTeX specials: \$
    checkRd: (-1) bernlogtime.Rd:17: Escaped LaTeX specials: \$
    checkRd: (-1) bernlogtime.Rd:18: Escaped LaTeX specials: \$
    checkRd: (-1) bpndata.Rd:22: Escaped LaTeX specials: \$
    checkRd: (-1) bpndata.Rd:23: Escaped LaTeX specials: \$
    checkRd: (-1) bpndata.Rd:24: Escaped LaTeX specials: \$
    checkRd: (-1) bpndata.Rd:25: Escaped LaTeX specials: \$
    checkRd: (-1) bpndata.Rd:26: Escaped LaTeX specials: \$
    checkRd: (-1) bpndata.Rd:27: Escaped LaTeX specials: \$
    checkRd: (-1) bpndata.Rd:28: Escaped LaTeX specials: \$
    checkRd: (-1) bpndata.Rd:29: Escaped LaTeX specials: \$
    checkRd: (-1) bpndata.Rd:30: Escaped LaTeX specials: \$
    checkRd: (-1) choicedata.Rd:13: Escaped LaTeX specials: \$
    checkRd: (-1) choicedata.Rd:14: Escaped LaTeX specials: \$
    checkRd: (-1) choicedata.Rd:15: Escaped LaTeX specials: \$
    checkRd: (-1) choicedata.Rd:19: Escaped LaTeX specials: \$ \_
    checkRd: (-1) choicedata.Rd:20: Escaped LaTeX specials: \$ \_
    checkRd: (-1) choicedata.Rd:21: Escaped LaTeX specials: \$ \_
    checkRd: (-1) choicedata.Rd:22: Escaped LaTeX specials: \$ \_
    checkRd: (-1) choicedata.Rd:23: Escaped LaTeX specials: \$ \_
    checkRd: (-1) choicedata.Rd:24: Escaped LaTeX specials: \$ \_
    checkRd: (-1) choicedata.Rd:27: Escaped LaTeX specials: \_
    checkRd: (-1) choicedata.Rd:28: Escaped LaTeX specials: \_
    checkRd: (-1) choicedata.Rd:32: Escaped LaTeX specials: \$
    checkRd: (-1) choicedata.Rd:33: Escaped LaTeX specials: \$ \_
    checkRd: (-1) choicedata.Rd:34: Escaped LaTeX specials: \$
    checkRd: (-1) choicedata.Rd:35: Escaped LaTeX specials: \$
    checkRd: (-1) choicedata.Rd:36: Escaped LaTeX specials: \$
    checkRd: (-1) colorad.Rd:10: Escaped LaTeX specials: \$ \$ \$ \$ \$ \$ \$ \$
    checkRd: (-1) colorad.Rd:12: Escaped LaTeX specials: \$
    checkRd: (-1) colorad.Rd:13: Escaped LaTeX specials: \$
    checkRd: (-1) colorad.Rd:14: Escaped LaTeX specials: \$
    checkRd: (-1) colorad.Rd:15: Escaped LaTeX specials: \$
    checkRd: (-1) colorad.Rd:16: Escaped LaTeX specials: \$
    checkRd: (-1) colorad.Rd:17: Escaped LaTeX specials: \$
    checkRd: (-1) colorad.Rd:18: Escaped LaTeX specials: \$
    checkRd: (-1) colorad2.Rd:10: Escaped LaTeX specials: \$ \$ \$ \$ \$ \$ \$
    checkRd: (-1) colorad2.Rd:12: Escaped LaTeX specials: \$
    checkRd: (-1) colorad2.Rd:13: Escaped LaTeX specials: \$
    checkRd: (-1) colorad2.Rd:14: Escaped LaTeX specials: \$
    checkRd: (-1) colorad2.Rd:15: Escaped LaTeX specials: \$
    checkRd: (-1) colorad2.Rd:16: Escaped LaTeX specials: \$
    checkRd: (-1) colorad2.Rd:17: Escaped LaTeX specials: \$
    checkRd: (-1) colorad2.Rd:18: Escaped LaTeX specials: \$
    checkRd: (-1) colorad2.Rd:19: Escaped LaTeX specials: \$
    checkRd: (-1) condstudy.Rd:13: Escaped LaTeX specials: \$
    checkRd: (-1) condstudy.Rd:14: Escaped LaTeX specials: \$
    checkRd: (-1) condstudy.Rd:15: Escaped LaTeX specials: \$
    checkRd: (-1) condstudy.Rd:16: Escaped LaTeX specials: \$
    checkRd: (-1) condstudy.Rd:17: Escaped LaTeX specials: \$
    checkRd: (-1) condstudy.Rd:18: Escaped LaTeX specials: \$
    checkRd: (-1) condstudy_sub.Rd:13: Escaped LaTeX specials: \$
    checkRd: (-1) condstudy_sub.Rd:14: Escaped LaTeX specials: \$
    checkRd: (-1) condstudy_sub.Rd:15: Escaped LaTeX specials: \$
    checkRd: (-1) condstudy_sub.Rd:16: Escaped LaTeX specials: \$
    checkRd: (-1) condstudy_sub.Rd:17: Escaped LaTeX specials: \$
    checkRd: (-1) condstudy_sub.Rd:18: Escaped LaTeX specials: \$
    checkRd: (-1) goalstudy.Rd:13: Escaped LaTeX specials: \$
    checkRd: (-1) goalstudy.Rd:14: Escaped LaTeX specials: \$
    checkRd: (-1) goalstudy.Rd:15: Escaped LaTeX specials: \$
    checkRd: (-1) goalstudy.Rd:16: Escaped LaTeX specials: \$
    checkRd: (-1) goalstudy.Rd:17: Escaped LaTeX specials: \$
    checkRd: (-1) goalstudy.Rd:18: Escaped LaTeX specials: \$
    checkRd: (-1) ipadstudy.Rd:10: Escaped LaTeX specials: \$ \$ \$ \$ \$ \$ \$ \$
    checkRd: (-1) ipadstudy.Rd:13: Escaped LaTeX specials: \$
    checkRd: (-1) ipadstudy.Rd:14: Escaped LaTeX specials: \$
    checkRd: (-1) ipadstudy.Rd:15: Escaped LaTeX specials: \$
    checkRd: (-1) ipadstudy.Rd:16: Escaped LaTeX specials: \$
    checkRd: (-1) ipadstudy.Rd:17: Escaped LaTeX specials: \$
    checkRd: (-1) ipadstudy.Rd:18: Escaped LaTeX specials: \$
    checkRd: (-1) ipadstudy.Rd:19: Escaped LaTeX specials: \$
    checkRd: (-1) ipadstudy.Rd:20: Escaped LaTeX specials: \$
    checkRd: (-1) ipadstudy.Rd:21: Escaped LaTeX specials: \$
Flavor: r-devel-linux-x86_64-debian-clang