CRAN Package Check Results for Package BAMBI

Last updated on 2024-06-22 03:49:26 CEST.

Flavor Version Tinstall Tcheck Ttotal Status Flags
r-devel-linux-x86_64-debian-clang 2.3.5 124.87 147.24 272.11 NOTE
r-devel-linux-x86_64-debian-gcc 2.3.5 83.91 106.62 190.53 NOTE
r-devel-linux-x86_64-fedora-clang 2.3.5 371.09 NOTE
r-devel-linux-x86_64-fedora-gcc 2.3.5 366.49 NOTE
r-devel-windows-x86_64 2.3.5 97.00 143.00 240.00 NOTE
r-patched-linux-x86_64 2.3.5 105.67 144.44 250.11 NOTE
r-release-linux-x86_64 2.3.5 102.78 142.09 244.87 NOTE
r-release-macos-arm64 2.3.5 87.00 NOTE
r-release-macos-x86_64 2.3.5 128.00 NOTE
r-release-windows-x86_64 2.3.5 96.00 145.00 241.00 NOTE
r-oldrel-macos-arm64 2.3.5 105.00 OK
r-oldrel-macos-x86_64 2.3.5 186.00 OK
r-oldrel-windows-x86_64 2.3.5 123.00 186.00 309.00 OK

Check Details

Version: 2.3.5
Check: Rd files
Result: NOTE checkRd: (-1) contour.angmcmc.Rd:48: Lost braces; missing escapes or markup? 48 | Ignored if {show.data == FALSE}.} | ^ checkRd: (-1) contour.angmcmc.Rd:51: Lost braces; missing escapes or markup? 51 | Ignored if {show.data == FALSE}.} | ^ checkRd: (-1) fit_incremental_angmix.Rd:104: Lost braces; missing escapes or markup? 104 | \item{alpha}{significance level used in the test H_{0K}: expected log predictive density (elpd) for the fitted model with K components >= elpd for the fitted model | ^ checkRd: (-1) fit_incremental_angmix.Rd:148: Lost braces; missing escapes or markup? 148 | H_{0K}: expected log predictive density (elpd) for the fitted model with K components >= elpd for the fitted model | ^ checkRd: (-1) fit_incremental_angmix.Rd:163: Lost braces; missing escapes or markup? 163 | The incremental fitting stops if H_{0K} cannot be rejected | ^ Flavors: r-devel-linux-x86_64-debian-clang, r-devel-linux-x86_64-debian-gcc, r-devel-linux-x86_64-fedora-clang, r-devel-linux-x86_64-fedora-gcc, r-devel-windows-x86_64, r-patched-linux-x86_64, r-release-linux-x86_64, r-release-macos-arm64, r-release-macos-x86_64, r-release-windows-x86_64

Version: 2.3.5
Check: HTML version of manual
Result: NOTE Found the following HTML validation problems: rwnorm2.html:111:126 (rwnorm2.Rd:60): Warning: trimming empty <code> rwnorm2.html:115:73 (rwnorm2.Rd:61): Warning: trimming empty <code> rwnorm2.html:115:146 (rwnorm2.Rd:61): Warning: trimming empty <code> rwnorm2.html:115:211 (rwnorm2.Rd:61): Warning: trimming empty <code> rwnorm2.html:119:126 (rwnorm2.Rd:62): Warning: trimming empty <code> Flavors: r-devel-linux-x86_64-debian-clang, r-devel-linux-x86_64-debian-gcc, r-devel-linux-x86_64-fedora-clang, r-devel-linux-x86_64-fedora-gcc, r-devel-windows-x86_64, r-patched-linux-x86_64, r-release-linux-x86_64, r-release-windows-x86_64