CRAN Package Check Results for Package BACCT

Last updated on 2022-07-04 15:54:36 CEST.

Flavor Version Tinstall Tcheck Ttotal Status Flags
r-devel-linux-x86_64-debian-clang 1.0 6.43 58.38 64.81 NOTE
r-devel-linux-x86_64-debian-gcc 1.0 4.64 43.22 47.86 NOTE
r-devel-linux-x86_64-fedora-clang 1.0 87.11 NOTE
r-devel-linux-x86_64-fedora-gcc 1.0 83.76 NOTE
r-devel-windows-x86_64 1.0 13.00 80.00 93.00 NOTE
r-patched-linux-x86_64 1.0 6.72 54.85 61.57 NOTE
r-release-linux-x86_64 1.0 4.84 55.80 60.64 NOTE
r-release-macos-arm64 1.0 28.00 NOTE
r-release-macos-x86_64 1.0 40.00 NOTE
r-release-windows-x86_64 1.0 12.00 80.00 92.00 NOTE
r-oldrel-macos-arm64 1.0 19.00 NOTE
r-oldrel-macos-x86_64 1.0 44.00 NOTE
r-oldrel-windows-ix86+x86_64 1.0 16.00 74.00 90.00 NOTE

Check Details

Version: 1.0
Check: LazyData
Result: NOTE
     'LazyData' is specified without a 'data' directory
Flavors: r-devel-linux-x86_64-debian-clang, r-devel-linux-x86_64-debian-gcc, r-devel-linux-x86_64-fedora-clang, r-devel-linux-x86_64-fedora-gcc, r-devel-windows-x86_64, r-patched-linux-x86_64, r-release-linux-x86_64, r-release-macos-arm64, r-release-macos-x86_64, r-release-windows-x86_64, r-oldrel-macos-arm64, r-oldrel-macos-x86_64, r-oldrel-windows-ix86+x86_64