CRAN Package Check Results for Package BACA

Last updated on 2020-09-22 03:49:14 CEST.

Flavor Version Tinstall Tcheck Ttotal Status Flags
r-devel-linux-x86_64-debian-clang 1.3 27.09 230.13 257.22 OK
r-devel-linux-x86_64-debian-gcc 1.3 0.29 2.07 2.36 ERROR
r-devel-linux-x86_64-fedora-clang 1.3 332.66 OK
r-devel-linux-x86_64-fedora-gcc 1.3 388.21 OK
r-devel-windows-ix86+x86_64 1.3 66.00 216.00 282.00 OK --no-vignettes
r-patched-linux-x86_64 1.3 24.22 219.86 244.08 OK
r-patched-solaris-x86 1.3 443.20 OK --no-vignettes
r-release-linux-x86_64 1.3 25.73 221.75 247.48 OK
r-release-macos-x86_64 1.3 ERROR
r-release-windows-ix86+x86_64 1.3 61.00 188.00 249.00 OK --no-vignettes
r-oldrel-macos-x86_64 1.3 ERROR
r-oldrel-windows-ix86+x86_64 1.3 39.00 241.00 280.00 OK --no-vignettes

Check Details

Version: 1.3
Check: whether package can be installed
Result: ERROR
    Installation failed.
Flavors: r-devel-linux-x86_64-debian-gcc, r-oldrel-macos-x86_64

Version: 1.3
Check: package dependencies
Result: ERROR
    Package required but not available: ‘RDAVIDWebService’
    
    See section ‘The DESCRIPTION file’ in the ‘Writing R Extensions’
    manual.
Flavor: r-release-macos-x86_64