CRAN Package Check Results for Package AvInertia

Last updated on 2022-06-27 15:53:38 CEST.

Flavor Version Tinstall Tcheck Ttotal Status Flags
r-devel-linux-x86_64-debian-clang 0.0.2 5.07 139.70 144.77 OK
r-devel-linux-x86_64-debian-gcc 0.0.2 3.66 99.26 102.92 OK
r-devel-linux-x86_64-fedora-clang 0.0.2 175.38 NOTE
r-devel-linux-x86_64-fedora-gcc 0.0.2 174.89 NOTE
r-devel-windows-x86_64 0.0.2 35.00 165.00 200.00 OK
r-patched-linux-x86_64 0.0.2 4.64 131.24 135.88 OK
r-release-linux-x86_64 0.0.2 4.99 130.35 135.34 OK
r-release-macos-arm64 0.0.2 52.00 NOTE
r-release-macos-x86_64 0.0.2 84.00 NOTE
r-release-windows-x86_64 0.0.2 53.00 160.00 213.00 OK
r-oldrel-macos-arm64 0.0.2 34.00 NOTE
r-oldrel-macos-x86_64 0.0.2 62.00 NOTE
r-oldrel-windows-ix86+x86_64 0.0.2 10.00 170.00 180.00 OK

Check Details

Version: 0.0.2
Check: dependencies in R code
Result: NOTE
    Namespaces in Imports field not imported from:
     ‘readxl’ ‘reshape2’ ‘stringr’ ‘tidyr’
     All declared Imports should be used.
Flavors: r-devel-linux-x86_64-fedora-clang, r-devel-linux-x86_64-fedora-gcc, r-release-macos-arm64, r-release-macos-x86_64, r-oldrel-macos-arm64, r-oldrel-macos-x86_64